Last updated on 2025-11-23 12:49:54 CET.
| Flavor | Version | Tinstall | Tcheck | Ttotal | Status | Flags |
|---|---|---|---|---|---|---|
| r-devel-linux-x86_64-debian-clang | 1.6.2 | 13.45 | 121.62 | 135.07 | OK | |
| r-devel-linux-x86_64-debian-gcc | 1.6.2 | 8.55 | 86.22 | 94.77 | OK | |
| r-devel-linux-x86_64-fedora-clang | 1.6.2 | 26.00 | 185.94 | 211.94 | OK | |
| r-devel-linux-x86_64-fedora-gcc | 1.6.2 | 27.00 | 186.85 | 213.85 | OK | |
| r-devel-windows-x86_64 | 1.6.2 | 20.00 | 138.00 | 158.00 | OK | |
| r-patched-linux-x86_64 | 1.6.2 | 11.52 | 114.02 | 125.54 | OK | |
| r-release-linux-x86_64 | 1.6.2 | 10.56 | 111.52 | 122.08 | OK | |
| r-release-macos-arm64 | 1.6.2 | OK | ||||
| r-release-macos-x86_64 | 1.6.2 | 10.00 | 107.00 | 117.00 | OK | |
| r-release-windows-x86_64 | 1.6.2 | 16.00 | 115.00 | 131.00 | OK | |
| r-oldrel-macos-arm64 | 1.6.2 | NOTE | ||||
| r-oldrel-macos-x86_64 | 1.6.2 | 13.00 | 109.00 | 122.00 | NOTE | |
| r-oldrel-windows-x86_64 | 1.6.2 | 19.00 | 148.00 | 167.00 | NOTE |
Version: 1.6.2
Check: package dependencies
Result: NOTE
Package suggested but not available for checking: ‘mdrb’
Flavors: r-oldrel-macos-arm64, r-oldrel-macos-x86_64, r-oldrel-windows-x86_64