Last updated on 2025-10-21 09:48:37 CEST.
Flavor | Version | Tinstall | Tcheck | Ttotal | Status | Flags |
---|---|---|---|---|---|---|
r-devel-linux-x86_64-debian-clang | 0.3.4 | 10.83 | 207.54 | 218.37 | OK | |
r-devel-linux-x86_64-debian-gcc | 0.3.4 | 7.73 | 141.58 | 149.31 | NOTE | |
r-devel-linux-x86_64-fedora-clang | 0.3.4 | 359.32 | OK | |||
r-devel-linux-x86_64-fedora-gcc | 0.3.4 | 323.27 | OK | |||
r-devel-windows-x86_64 | 0.3.4 | 12.00 | 197.00 | 209.00 | OK | |
r-patched-linux-x86_64 | 0.3.4 | 11.84 | 200.22 | 212.06 | OK | |
r-release-linux-x86_64 | 0.3.4 | 9.99 | 197.59 | 207.58 | OK | |
r-release-macos-arm64 | 0.3.4 | 82.00 | OK | |||
r-release-macos-x86_64 | 0.3.4 | 166.00 | OK | |||
r-release-windows-x86_64 | 0.3.4 | 14.00 | 195.00 | 209.00 | OK | |
r-oldrel-macos-arm64 | 0.3.4 | 71.00 | OK | |||
r-oldrel-macos-x86_64 | 0.3.4 | 128.00 | OK | |||
r-oldrel-windows-x86_64 | 0.3.4 | 18.00 | 264.00 | 282.00 | OK |
Version: 0.3.4
Check: HTML version of manual
Result: NOTE
Found the following HTML validation problems:
bernoulli.html:46:1 (bernoulli.Rd:10): Warning: missing </ul> before </div>
exponential.html:46:1 (exponential.Rd:10): Warning: missing </ul> before </div>
get_jags_data.html:79:1 (get_jags_data.Rd:27): Warning: missing </ul> before </div>
is.mcpfit.html:46:1 (is.mcpfit.Rd:10): Warning: missing </ul> before </div>
mcmclist_samples.html:60:1 (mcmclist_samples.Rd:17): Warning: missing </ul> before </div>
mcpfamily.html:46:1 (mcpfamily.Rd:10): Warning: missing </ul> before </div>
negbinomial.html:47:1 (negbinomial.Rd:10): Warning: missing </ul> before </div>
recover_levels.html:59:1 (recover_levels.Rd:16): Warning: missing </ul> before </div>
Flavor: r-devel-linux-x86_64-debian-gcc