CRAN Package Check Results for Package mau

Last updated on 2025-10-22 09:50:39 CEST.

Flavor Version Tinstall Tcheck Ttotal Status Flags
r-devel-linux-x86_64-debian-clang 0.1.2 7.47 76.07 83.54 NOTE
r-devel-linux-x86_64-debian-gcc 0.1.2 5.17 55.20 60.37 NOTE
r-devel-linux-x86_64-fedora-clang 0.1.2 17.00 106.14 123.14 NOTE
r-devel-linux-x86_64-fedora-gcc 0.1.2 13.00 119.01 132.01 NOTE
r-devel-windows-x86_64 0.1.2 9.00 86.00 95.00 OK
r-patched-linux-x86_64 0.1.2 6.17 70.80 76.97 NOTE
r-release-linux-x86_64 0.1.2 6.45 70.29 76.74 NOTE
r-release-macos-arm64 0.1.2 4.00 54.00 58.00 OK
r-release-macos-x86_64 0.1.2 5.00 67.00 72.00 OK
r-release-windows-x86_64 0.1.2 9.00 85.00 94.00 OK
r-oldrel-macos-arm64 0.1.2 3.00 35.00 38.00 OK
r-oldrel-macos-x86_64 0.1.2 5.00 56.00 61.00 OK
r-oldrel-windows-x86_64 0.1.2 12.00 107.00 119.00 OK

Check Details

Version: 0.1.2
Check: for non-standard things in the check directory
Result: NOTE Found the following files/directories: ‘utilities.R’ Flavors: r-devel-linux-x86_64-debian-clang, r-devel-linux-x86_64-debian-gcc, r-devel-linux-x86_64-fedora-clang, r-devel-linux-x86_64-fedora-gcc, r-patched-linux-x86_64, r-release-linux-x86_64