Last updated on 2025-10-24 09:50:08 CEST.
| Flavor | Version | Tinstall | Tcheck | Ttotal | Status | Flags |
|---|---|---|---|---|---|---|
| r-devel-linux-x86_64-debian-clang | 1.1.14 | 11.70 | 116.69 | 128.39 | OK | |
| r-devel-linux-x86_64-debian-gcc | 1.1.14 | 7.93 | 83.59 | 91.52 | OK | |
| r-devel-linux-x86_64-fedora-clang | 1.1.14 | 32.00 | 170.10 | 202.10 | OK | |
| r-devel-linux-x86_64-fedora-gcc | 1.1.14 | 23.00 | 180.17 | 203.17 | OK | |
| r-devel-windows-x86_64 | 1.1.14 | 14.00 | 142.00 | 156.00 | OK | |
| r-patched-linux-x86_64 | 1.1.14 | 8.37 | 110.85 | 119.22 | OK | |
| r-release-linux-x86_64 | 1.1.14 | 10.79 | 110.15 | 120.94 | OK | |
| r-release-macos-arm64 | 1.1.14 | 5.00 | 47.00 | 52.00 | OK | |
| r-release-macos-x86_64 | 1.1.14 | 8.00 | 79.00 | 87.00 | OK | |
| r-release-windows-x86_64 | 1.1.14 | 13.00 | 138.00 | 151.00 | OK | |
| r-oldrel-macos-arm64 | 1.1.14 | 5.00 | 60.00 | 65.00 | NOTE | |
| r-oldrel-macos-x86_64 | 1.1.14 | 9.00 | 86.00 | 95.00 | NOTE | |
| r-oldrel-windows-x86_64 | 1.1.14 | 17.00 | 165.00 | 182.00 | NOTE |
Version: 1.1.14
Check: package dependencies
Result: NOTE
Package suggested but not available for checking: ‘rrelaxiv’
Flavors: r-oldrel-macos-arm64, r-oldrel-macos-x86_64, r-oldrel-windows-x86_64