Last updated on 2025-10-21 09:48:37 CEST.
Flavor | Version | Tinstall | Tcheck | Ttotal | Status | Flags |
---|---|---|---|---|---|---|
r-devel-linux-x86_64-debian-clang | 0.8.8 | 2.67 | 51.98 | 54.65 | NOTE | |
r-devel-linux-x86_64-debian-gcc | 0.8.8 | 1.99 | 38.00 | 39.99 | NOTE | |
r-devel-linux-x86_64-fedora-clang | 0.8.8 | 87.50 | OK | |||
r-devel-linux-x86_64-fedora-gcc | 0.8.8 | 110.95 | OK | |||
r-devel-windows-x86_64 | 0.8.8 | 5.00 | 72.00 | 77.00 | OK | |
r-patched-linux-x86_64 | 0.8.8 | 3.07 | 48.96 | 52.03 | OK | |
r-release-linux-x86_64 | 0.8.8 | 2.48 | 48.79 | 51.27 | OK | |
r-release-macos-arm64 | 0.8.8 | 72.00 | OK | |||
r-release-macos-x86_64 | 0.8.8 | 141.00 | OK | |||
r-release-windows-x86_64 | 0.8.8 | 7.00 | 73.00 | 80.00 | OK | |
r-oldrel-macos-arm64 | 0.8.8 | 40.00 | OK | |||
r-oldrel-macos-x86_64 | 0.8.8 | 80.00 | OK | |||
r-oldrel-windows-x86_64 | 0.8.8 | 6.00 | 86.00 | 92.00 | OK |
Version: 0.8.8
Check: CRAN incoming feasibility
Result: NOTE
Maintainer: ‘Mans Magnusson <mons.magnusson@gmail.com>’
No Authors@R field in DESCRIPTION.
Please add one, modifying
Authors@R: c(person(given = "Mans",
family = "Magnusson",
role = c("aut", "cre"),
email = "mons.magnusson@gmail.com"),
person(given = "Oscar",
family = "Pettersson",
role = "aut"))
as necessary.
Flavors: r-devel-linux-x86_64-debian-clang, r-devel-linux-x86_64-debian-gcc
Version: 0.8.8
Check: HTML version of manual
Result: NOTE
Found the following HTML validation problems:
assignment_config.html:46:1 (assignment_config.Rd:10): Warning: missing </ul> before </div>
assignment_paths_and_files.html:46:1 (assignment_paths_and_files.Rd:10): Warning: missing </ul> before </div>
check_installed_packages.html:47:1 (check_installed_packages.Rd:10): Warning: missing </ul> before </div>
construct_assignment_description.html:46:1 (construct_assignment_description.Rd:10): Warning: missing </ul> before </div>
create_github_download_url.html:46:1 (create_github_download_url.Rd:10): Warning: missing </ul> before </div>
directories.html:56:1 (directories.Rd:22): Warning: missing </ul> before </div>
expect_attached_package.html:50:1 (expect_attached_package.Rd:12): Warning: missing </ul> before </div>
expect_function_arguments.html:68:1 (expect_function_arguments.Rd:24): Warning: missing </ul> before </div>
expect_function_code.html:68:1 (expect_function_code.Rd:24): Warning: missing </ul> before </div>
expect_function_self_contained.html:54:1 (expect_function_self_contained.Rd:14): Warning: missing </ul> before </div>
expect_no_attached_forbidden_package.html:46:1 (expect_no_attached_forbidden_package.Rd:10): Warning: missing </ul> before </div>
expect_no_forbidden_function_code.html:50:1 (expect_no_forbidden_function_code.Rd:12): Warning: missing </ul> before </div>
get_assignment_full_subpath.html:51:1 (get_assignment_full_subpath.Rd:12): Warning: missing </ul> before </div>
get_file.html:63:1 (get_file.Rd:23): Warning: missing </ul> before </div>
mark_my_dir.html:74:1 (mark_my_dir.Rd:28): Warning: missing </ul> before </div>
translate_tasks_name_to_task_files.html:46:1 (translate_tasks_name_to_task_files.Rd:10): Warning: missing </ul> before </div>
write_assignment_yml.html:50:1 (write_assignment_yml.Rd:12): Warning: missing </ul> before </div>
Flavor: r-devel-linux-x86_64-debian-gcc