Last updated on 2025-11-24 09:50:38 CET.
| Flavor | Version | Tinstall | Tcheck | Ttotal | Status | Flags |
|---|---|---|---|---|---|---|
| r-devel-linux-x86_64-debian-clang | 2.3.1 | 10.44 | 22.14 | 32.58 | NOTE | |
| r-devel-linux-x86_64-debian-gcc | 2.3.1 | 8.22 | 18.41 | 26.63 | NOTE | |
| r-devel-linux-x86_64-fedora-clang | 2.3.1 | 31.00 | 21.81 | 52.81 | OK | |
| r-devel-linux-x86_64-fedora-gcc | 2.3.1 | 25.00 | 25.83 | 50.83 | OK | |
| r-devel-windows-x86_64 | 2.3.1 | 31.00 | 40.00 | 71.00 | OK | |
| r-patched-linux-x86_64 | 2.3.1 | 10.07 | 20.76 | 30.83 | OK | |
| r-release-linux-x86_64 | 2.3.1 | 9.96 | 20.68 | 30.64 | OK | |
| r-release-macos-arm64 | 2.3.1 | OK | ||||
| r-release-macos-x86_64 | 2.3.1 | 22.00 | 26.00 | 48.00 | OK | |
| r-release-windows-x86_64 | 2.3.1 | 24.00 | 47.00 | 71.00 | OK | |
| r-oldrel-macos-arm64 | 2.3.1 | NOTE | ||||
| r-oldrel-macos-x86_64 | 2.3.1 | 17.00 | 21.00 | 38.00 | NOTE | |
| r-oldrel-windows-x86_64 | 2.3.1 | 28.00 | 43.00 | 71.00 | NOTE |
Version: 2.3.1
Check: CRAN incoming feasibility
Result: NOTE
Maintainer: ‘Alex Deckmyn <alex.deckmyn@meteo.be>’
No Authors@R field in DESCRIPTION.
Please add one, modifying
Authors@R: c(person(given = c("Original", "S", "code", "by", "Richard", "A."),
family = "Becker",
role = "aut"),
person(given = c("Allan", "R.", "Wilks.", "R", "version", "by", "Ray"),
family = "Brownrigg.",
role = "aut",
email = "Ray.Brownrigg@ecs.vuw.ac.nz"),
person(given = "Alex",
family = "Deckmyn",
role = "cre",
email = "alex.deckmyn@meteo.be"))
as necessary.
Flavors: r-devel-linux-x86_64-debian-clang, r-devel-linux-x86_64-debian-gcc
Version: 2.3.1
Check: installed package size
Result: NOTE
installed size is 33.5Mb
sub-directories of 1Mb or more:
mapdata 33.4Mb
Flavors: r-oldrel-macos-arm64, r-oldrel-macos-x86_64, r-oldrel-windows-x86_64