Last updated on 2025-10-31 09:50:21 CET.
| Flavor | Version | Tinstall | Tcheck | Ttotal | Status | Flags | 
|---|---|---|---|---|---|---|
| r-devel-linux-x86_64-debian-clang | 1.0 | 3.80 | 35.14 | 38.94 | NOTE | |
| r-devel-linux-x86_64-debian-gcc | 1.0 | 2.91 | 27.20 | 30.11 | NOTE | |
| r-devel-linux-x86_64-fedora-clang | 1.0 | 59.69 | NOTE | |||
| r-devel-linux-x86_64-fedora-gcc | 1.0 | 56.50 | NOTE | |||
| r-devel-windows-x86_64 | 1.0 | 7.00 | 68.00 | 75.00 | NOTE | |
| r-patched-linux-x86_64 | 1.0 | 3.49 | 34.07 | 37.56 | NOTE | |
| r-release-linux-x86_64 | 1.0 | 3.67 | 33.56 | 37.23 | NOTE | |
| r-release-macos-arm64 | 1.0 | 3.00 | 31.00 | 34.00 | NOTE | |
| r-release-macos-x86_64 | 1.0 | 4.00 | 35.00 | 39.00 | NOTE | |
| r-release-windows-x86_64 | 1.0 | 6.00 | 58.00 | 64.00 | NOTE | |
| r-oldrel-macos-arm64 | 1.0 | 2.00 | 18.00 | 20.00 | NOTE | |
| r-oldrel-macos-x86_64 | 1.0 | 5.00 | 40.00 | 45.00 | NOTE | |
| r-oldrel-windows-x86_64 | 1.0 | 7.00 | 61.00 | 68.00 | NOTE | 
Version: 1.0
Check: Rd files
Result: NOTE
  checkRd: (-1) Upload_to_db.Rd:43: Lost braces
      43 | lucas]{Connect_to_db}
         |       ^
Flavors: r-devel-linux-x86_64-debian-clang, r-devel-linux-x86_64-debian-gcc, r-devel-linux-x86_64-fedora-clang, r-devel-linux-x86_64-fedora-gcc, r-devel-windows-x86_64, r-patched-linux-x86_64, r-release-linux-x86_64, r-release-macos-arm64, r-release-macos-x86_64, r-release-windows-x86_64, r-oldrel-macos-arm64, r-oldrel-macos-x86_64, r-oldrel-windows-x86_64
Version: 1.0
Check: dependencies in R code
Result: NOTE
  Namespace in Imports field not imported from: ‘rpostgis’
    All declared Imports should be used.
Flavors: r-devel-linux-x86_64-fedora-clang, r-devel-linux-x86_64-fedora-gcc
Version: 1.0
Check: LazyData
Result: NOTE
    'LazyData' is specified without a 'data' directory
Flavors: r-oldrel-macos-arm64, r-oldrel-macos-x86_64, r-oldrel-windows-x86_64