Last updated on 2025-11-12 10:52:48 CET.
| Flavor | Version | Tinstall | Tcheck | Ttotal | Status | Flags |
|---|---|---|---|---|---|---|
| r-devel-linux-x86_64-debian-clang | 1.1.4 | 4.39 | 80.96 | 85.35 | NOTE | |
| r-devel-linux-x86_64-debian-gcc | 1.1.4 | 3.88 | 71.39 | 75.27 | NOTE | |
| r-devel-linux-x86_64-fedora-clang | 1.1.4 | 27.00 | 95.28 | 122.28 | NOTE | |
| r-devel-linux-x86_64-fedora-gcc | 1.1.4 | 133.58 | NOTE | |||
| r-devel-windows-x86_64 | 1.1.4 | 7.00 | 148.00 | 155.00 | NOTE | |
| r-patched-linux-x86_64 | 1.1.4 | 4.65 | 77.43 | 82.08 | NOTE | |
| r-release-linux-x86_64 | 1.1.4 | 4.55 | 76.50 | 81.05 | NOTE | |
| r-release-macos-arm64 | 1.1.4 | 2.00 | 160.00 | 162.00 | NOTE | |
| r-release-macos-x86_64 | 1.1.4 | 3.00 | 182.00 | 185.00 | NOTE | |
| r-release-windows-x86_64 | 1.1.4 | 8.00 | 151.00 | 159.00 | NOTE | |
| r-oldrel-macos-arm64 | 1.1.4 | 2.00 | 150.00 | 152.00 | OK | |
| r-oldrel-macos-x86_64 | 1.1.4 | 3.00 | 169.00 | 172.00 | OK | |
| r-oldrel-windows-x86_64 | 1.1.4 | 9.00 | 160.00 | 169.00 | OK |
Version: 1.1.4
Check: DESCRIPTION meta-information
Result: NOTE
Missing dependency on R >= 4.1.0 because package code uses the pipe
|> or function shorthand \(...) syntax added in R 4.1.0.
File(s) using such syntax:
‘grab_crosswalk.R’ ‘lehdr.R’
Flavors: r-devel-linux-x86_64-debian-clang, r-devel-linux-x86_64-debian-gcc, r-devel-linux-x86_64-fedora-clang, r-devel-linux-x86_64-fedora-gcc, r-devel-windows-x86_64, r-patched-linux-x86_64, r-release-linux-x86_64, r-release-macos-arm64, r-release-macos-x86_64, r-release-windows-x86_64