Last updated on 2025-10-21 09:48:36 CEST.
Flavor | Version | Tinstall | Tcheck | Ttotal | Status | Flags |
---|---|---|---|---|---|---|
r-devel-linux-x86_64-debian-clang | 2.2.3 | 5.32 | 77.58 | 82.90 | OK | |
r-devel-linux-x86_64-debian-gcc | 2.2.3 | 4.00 | 54.13 | 58.13 | NOTE | |
r-devel-linux-x86_64-fedora-clang | 2.2.3 | 126.16 | OK | |||
r-devel-linux-x86_64-fedora-gcc | 2.2.3 | 114.67 | OK | |||
r-devel-windows-x86_64 | 2.2.3 | 9.00 | 104.00 | 113.00 | OK | |
r-patched-linux-x86_64 | 2.2.3 | 6.48 | 71.85 | 78.33 | OK | |
r-release-linux-x86_64 | 2.2.3 | 5.09 | 71.84 | 76.93 | OK | |
r-release-macos-arm64 | 2.2.3 | 41.00 | OK | |||
r-release-macos-x86_64 | 2.2.3 | 106.00 | OK | |||
r-release-windows-x86_64 | 2.2.3 | 10.00 | 99.00 | 109.00 | OK | |
r-oldrel-macos-arm64 | 2.2.3 | 45.00 | OK | |||
r-oldrel-macos-x86_64 | 2.2.3 | 67.00 | OK | |||
r-oldrel-windows-x86_64 | 2.2.3 | 13.00 | 120.00 | 133.00 | OK |
Version: 2.2.3
Check: HTML version of manual
Result: NOTE
Found the following HTML validation problems:
addAwesomeMarkers.html:132:1 (addAwesomeMarkers.Rd:70): Warning: missing </ul> before </div>
deprecated.html:61:1 (deprecated.Rd:22): Warning: missing </ul> before </div>
evalFormula.html:50:1 (evalFormula.Rd:12): Warning: missing </ul> before </div>
expandLimits.html:54:1 (expandLimits.Rd:14): Warning: missing </ul> before </div>
expandLimitsBbox.html:51:1 (expandLimitsBbox.Rd:12): Warning: missing </ul> before </div>
makeAwesomeIcon.html:99:1 (makeAwesomeIcon.Rd:45): Warning: missing </ul> before </div>
makeIcon.html:104:1 (makeIcon.Rd:50): Warning: missing </ul> before </div>
safeLabel.html:53:1 (safeLabel.Rd:13): Warning: missing </ul> before </div>
validateCoords.html:64:1 (validateCoords.Rd:20): Warning: missing </ul> before </div>
Flavor: r-devel-linux-x86_64-debian-gcc