Last updated on 2025-11-20 11:51:15 CET.
| Flavor | Version | Tinstall | Tcheck | Ttotal | Status | Flags |
|---|---|---|---|---|---|---|
| r-devel-linux-x86_64-debian-clang | 1.0.1 | 26.41 | 157.13 | 183.54 | NOTE | |
| r-devel-linux-x86_64-debian-gcc | 1.0.1 | 23.14 | 102.41 | 125.55 | NOTE | |
| r-devel-linux-x86_64-fedora-clang | 1.0.1 | 92.00 | 209.80 | 301.80 | NOTE | |
| r-devel-linux-x86_64-fedora-gcc | 1.0.1 | 95.00 | 199.77 | 294.77 | NOTE | |
| r-devel-windows-x86_64 | 1.0.1 | 74.00 | 184.00 | 258.00 | NOTE | |
| r-patched-linux-x86_64 | 1.0.1 | 27.46 | 147.21 | 174.67 | NOTE | |
| r-release-linux-x86_64 | 1.0.1 | 26.45 | 147.38 | 173.83 | NOTE | |
| r-release-macos-arm64 | 1.0.1 | NOTE | ||||
| r-release-macos-x86_64 | 1.0.1 | 97.00 | 172.00 | 269.00 | NOTE | |
| r-release-windows-x86_64 | 1.0.1 | 62.00 | 180.00 | 242.00 | NOTE | |
| r-oldrel-macos-arm64 | 1.0.1 | NOTE | ||||
| r-oldrel-macos-x86_64 | 1.0.1 | 74.00 | 134.00 | 208.00 | NOTE | |
| r-oldrel-windows-x86_64 | 1.0.1 | 80.00 | 229.00 | 309.00 | NOTE |
Version: 1.0.1
Check: Rd files
Result: NOTE
checkRd: (-1) ln_quantile_value.Rd:44: Lost braces in \itemize; \value handles \item{}{} directly
checkRd: (-1) ln_quantile_value.Rd:45: Lost braces in \itemize; \value handles \item{}{} directly
checkRd: (-1) ln_quantile_value.Rd:46: Lost braces in \itemize; \value handles \item{}{} directly
checkRd: (-1) ln_quantile_value.Rd:47: Lost braces in \itemize; \value handles \item{}{} directly
checkRd: (-1) ln_quantile_value.Rd:48: Lost braces in \itemize; \value handles \item{}{} directly
checkRd: (-1) ln_quantile_value.Rd:49: Lost braces in \itemize; \value handles \item{}{} directly
Flavors: r-devel-linux-x86_64-debian-clang, r-devel-linux-x86_64-debian-gcc, r-devel-linux-x86_64-fedora-clang, r-devel-linux-x86_64-fedora-gcc, r-devel-windows-x86_64, r-patched-linux-x86_64, r-release-linux-x86_64, r-release-macos-arm64, r-release-macos-x86_64, r-release-windows-x86_64, r-oldrel-macos-arm64, r-oldrel-macos-x86_64, r-oldrel-windows-x86_64
Version: 1.0.1
Check: installed package size
Result: NOTE
installed size is 5.4Mb
sub-directories of 1Mb or more:
R 5.2Mb
Flavors: r-oldrel-macos-arm64, r-oldrel-macos-x86_64