Last updated on 2025-11-19 10:48:50 CET.
| Flavor | Version | Tinstall | Tcheck | Ttotal | Status | Flags |
|---|---|---|---|---|---|---|
| r-devel-linux-x86_64-debian-clang | 0.1.1 | 10.86 | 23.35 | 34.21 | NOTE | |
| r-devel-linux-x86_64-debian-gcc | 0.1.1 | 9.21 | 19.12 | 28.33 | NOTE | |
| r-devel-linux-x86_64-fedora-clang | 0.1.1 | 30.00 | 26.05 | 56.05 | OK | |
| r-devel-linux-x86_64-fedora-gcc | 0.1.1 | 36.00 | 18.64 | 54.64 | OK | |
| r-devel-windows-x86_64 | 0.1.1 | 19.00 | 71.00 | 90.00 | OK | |
| r-patched-linux-x86_64 | 0.1.1 | 13.48 | 21.72 | 35.20 | OK | |
| r-release-linux-x86_64 | 0.1.1 | 12.83 | 21.42 | 34.25 | OK | |
| r-release-macos-arm64 | 0.1.1 | 6.00 | 18.00 | 24.00 | OK | |
| r-release-macos-x86_64 | 0.1.1 | 9.00 | 26.00 | 35.00 | OK | |
| r-release-windows-x86_64 | 0.1.1 | 17.00 | 69.00 | 86.00 | OK | |
| r-oldrel-macos-arm64 | 0.1.1 | 7.00 | 15.00 | 22.00 | OK | |
| r-oldrel-macos-x86_64 | 0.1.1 | 7.00 | 22.00 | 29.00 | OK | |
| r-oldrel-windows-x86_64 | 0.1.1 | 21.00 | 76.00 | 97.00 | OK |
Version: 0.1.1
Check: CRAN incoming feasibility
Result: NOTE
Maintainer: ‘Thoralf Mildenberger <mild@zhaw.ch>’
The Description field contains
<arXiv:2308.13383>.
Please refer to arXiv e-prints via their arXiv DOI <doi:10.48550/arXiv.YYMM.NNNNN>.
Flavors: r-devel-linux-x86_64-debian-clang, r-devel-linux-x86_64-debian-gcc