Last updated on 2025-11-22 09:49:57 CET.
| Flavor | Version | Tinstall | Tcheck | Ttotal | Status | Flags |
|---|---|---|---|---|---|---|
| r-devel-linux-x86_64-debian-clang | 1.0.0 | 2.69 | 59.60 | 62.29 | OK | |
| r-devel-linux-x86_64-debian-gcc | 1.0.0 | 1.93 | 45.58 | 47.51 | OK | |
| r-devel-linux-x86_64-fedora-clang | 1.0.0 | 95.40 | OK | |||
| r-devel-linux-x86_64-fedora-gcc | 1.0.0 | 109.43 | OK | |||
| r-devel-windows-x86_64 | 1.0.0 | 7.00 | 75.00 | 82.00 | OK | |
| r-patched-linux-x86_64 | 1.0.0 | 2.87 | 56.28 | 59.15 | OK | |
| r-release-linux-x86_64 | 1.0.0 | 2.54 | 56.30 | 58.84 | OK | |
| r-release-macos-arm64 | 1.0.0 | OK | ||||
| r-release-macos-x86_64 | 1.0.0 | 3.00 | 92.00 | 95.00 | OK | |
| r-release-windows-x86_64 | 1.0.0 | 4.00 | 76.00 | 80.00 | OK | |
| r-oldrel-macos-arm64 | 1.0.0 | NOTE | ||||
| r-oldrel-macos-x86_64 | 1.0.0 | 2.00 | 78.00 | 80.00 | NOTE | |
| r-oldrel-windows-x86_64 | 1.0.0 | 6.00 | 95.00 | 101.00 | NOTE |
Version: 1.0.0
Check: package dependencies
Result: NOTE
Package suggested but not available for checking: ‘remMap’
Flavors: r-oldrel-macos-arm64, r-oldrel-macos-x86_64, r-oldrel-windows-x86_64