CRAN Package Check Results for Package invGauss

Last updated on 2025-11-23 12:49:52 CET.

Flavor Version Tinstall Tcheck Ttotal Status Flags
r-devel-linux-x86_64-debian-clang 1.2 7.09 57.19 64.28 NOTE
r-devel-linux-x86_64-debian-gcc 1.2 4.98 43.99 48.97 NOTE
r-devel-linux-x86_64-fedora-clang 1.2 14.00 82.78 96.78 OK
r-devel-linux-x86_64-fedora-gcc 1.2 13.00 72.19 85.19 OK
r-devel-windows-x86_64 1.2 9.00 65.00 74.00 OK
r-patched-linux-x86_64 1.2 5.73 54.63 60.36 OK
r-release-linux-x86_64 1.2 6.76 54.21 60.97 OK
r-release-macos-arm64 1.2 OK
r-release-macos-x86_64 1.2 7.00 70.00 77.00 OK
r-release-windows-x86_64 1.2 8.00 65.00 73.00 OK
r-oldrel-macos-arm64 1.2 OK
r-oldrel-macos-x86_64 1.2 5.00 40.00 45.00 OK
r-oldrel-windows-x86_64 1.2 10.00 78.00 88.00 OK

Check Details

Version: 1.2
Check: CRAN incoming feasibility
Result: NOTE Maintainer: ‘Hakon K. Gjessing <hakon.gjessing@uib.no>’ No Authors@R field in DESCRIPTION. Please add one, modifying Authors@R: person(given = c("Hakon", "K."), family = "Gjessing", role = c("aut", "cre"), email = "hakon.gjessing@uib.no") as necessary. Flavors: r-devel-linux-x86_64-debian-clang, r-devel-linux-x86_64-debian-gcc