Last updated on 2025-11-27 11:50:04 CET.
| Flavor | Version | Tinstall | Tcheck | Ttotal | Status | Flags |
|---|---|---|---|---|---|---|
| r-devel-linux-x86_64-debian-clang | 0.1.0 | 1.62 | 19.96 | 21.58 | OK | |
| r-devel-linux-x86_64-debian-gcc | 0.1.0 | 1.20 | 17.39 | 18.59 | OK | |
| r-devel-linux-x86_64-fedora-clang | 0.1.0 | 30.59 | OK | |||
| r-devel-linux-x86_64-fedora-gcc | 0.1.0 | 28.72 | OK | |||
| r-devel-windows-x86_64 | 0.1.0 | 5.00 | 39.00 | 44.00 | OK | |
| r-patched-linux-x86_64 | 0.1.0 | 1.63 | 17.85 | 19.48 | OK | |
| r-release-linux-x86_64 | 0.1.0 | 1.64 | 17.76 | 19.40 | OK | |
| r-release-macos-arm64 | 0.1.0 | OK | ||||
| r-release-macos-x86_64 | 0.1.0 | 1.00 | 21.00 | 22.00 | OK | |
| r-release-windows-x86_64 | 0.1.0 | 4.00 | 38.00 | 42.00 | OK | |
| r-oldrel-macos-arm64 | 0.1.0 | NOTE | ||||
| r-oldrel-macos-x86_64 | 0.1.0 | 1.00 | 18.00 | 19.00 | NOTE | |
| r-oldrel-windows-x86_64 | 0.1.0 | 3.00 | 44.00 | 47.00 | NOTE |
Version: 0.1.0
Check: LazyData
Result: NOTE
'LazyData' is specified without a 'data' directory
Flavors: r-oldrel-macos-arm64, r-oldrel-macos-x86_64, r-oldrel-windows-x86_64