CRAN Package Check Results for Package iWeigReg

Last updated on 2025-11-23 12:49:53 CET.

Flavor Version Tinstall Tcheck Ttotal Status Flags
r-devel-linux-x86_64-debian-clang 1.1 2.29 34.06 36.35 NOTE
r-devel-linux-x86_64-debian-gcc 1.1 1.98 27.31 29.29 NOTE
r-devel-linux-x86_64-fedora-clang 1.1 12.00 44.43 56.43 OK
r-devel-linux-x86_64-fedora-gcc 1.1 62.68 OK
r-devel-windows-x86_64 1.1 5.00 58.00 63.00 OK
r-patched-linux-x86_64 1.1 3.00 31.65 34.65 OK
r-release-linux-x86_64 1.1 2.71 31.67 34.38 OK
r-release-macos-arm64 1.1 OK
r-release-macos-x86_64 1.1 2.00 41.00 43.00 OK
r-release-windows-x86_64 1.1 5.00 81.00 86.00 OK
r-oldrel-macos-arm64 1.1 OK
r-oldrel-macos-x86_64 1.1 2.00 34.00 36.00 OK
r-oldrel-windows-x86_64 1.1 4.00 64.00 68.00 OK

Check Details

Version: 1.1
Check: CRAN incoming feasibility
Result: NOTE Maintainer: ‘Zhiqiang Tan <ztan@stat.rutgers.edu>’ No Authors@R field in DESCRIPTION. Please add one, modifying Authors@R: c(person(given = "Zhiqiang", family = "Tan", role = c("aut", "cre"), email = "ztan@stat.rutgers.edu"), person(given = "Heng", family = "Shu", role = "aut")) as necessary. Package CITATION file contains call(s) to old-style personList() or as.personList(). Please use c() on person objects instead. Package CITATION file contains call(s) to old-style citEntry(). Please use bibentry() instead. Flavors: r-devel-linux-x86_64-debian-clang, r-devel-linux-x86_64-debian-gcc