Last updated on 2025-10-30 09:49:52 CET.
| Flavor | Version | Tinstall | Tcheck | Ttotal | Status | Flags | 
|---|---|---|---|---|---|---|
| r-devel-linux-x86_64-debian-clang | 0.0-28 | 1.36 | 13.48 | 14.84 | NOTE | |
| r-devel-linux-x86_64-debian-gcc | 0.0-28 | 1.25 | 11.48 | 12.73 | NOTE | |
| r-devel-linux-x86_64-fedora-clang | 0.0-28 | 21.75 | OK | |||
| r-devel-linux-x86_64-fedora-gcc | 0.0-28 | 20.15 | OK | |||
| r-devel-windows-x86_64 | 0.0-28 | 2.00 | 20.00 | 22.00 | OK | |
| r-patched-linux-x86_64 | 0.0-28 | 1.22 | 12.45 | 13.67 | OK | |
| r-release-linux-x86_64 | 0.0-28 | 1.48 | 12.38 | 13.86 | OK | |
| r-release-macos-arm64 | 0.0-28 | 1.00 | 8.00 | 9.00 | OK | |
| r-release-macos-x86_64 | 0.0-28 | 1.00 | 14.00 | 15.00 | OK | |
| r-release-windows-x86_64 | 0.0-28 | 2.00 | 25.00 | 27.00 | OK | |
| r-oldrel-macos-arm64 | 0.0-28 | 1.00 | 9.00 | 10.00 | OK | |
| r-oldrel-macos-x86_64 | 0.0-28 | 1.00 | 16.00 | 17.00 | OK | |
| r-oldrel-windows-x86_64 | 0.0-28 | 2.00 | 22.00 | 24.00 | OK | 
Version: 0.0-28
Check: CRAN incoming feasibility
Result: NOTE
  Maintainer: ‘Rolf Turner <r.turner@auckland.ac.nz>’
  
  No Authors@R field in DESCRIPTION.
  Please add one, modifying
    Authors@R: person(given = "Rolf",
                      family = "Turner",
                      role = c("aut", "cre"),
                      email = "r.turner@auckland.ac.nz")
  as necessary.
Flavors: r-devel-linux-x86_64-debian-clang, r-devel-linux-x86_64-debian-gcc