CRAN Package Check Results for Package hda

Last updated on 2025-11-14 10:49:58 CET.

Flavor Version Tinstall Tcheck Ttotal Status Flags
r-devel-linux-x86_64-debian-clang 0.2-14 2.64 28.02 30.66 NOTE
r-devel-linux-x86_64-debian-gcc 0.2-14 1.83 21.45 23.28 NOTE
r-devel-linux-x86_64-fedora-clang 0.2-14 16.00 32.50 48.50 OK
r-devel-linux-x86_64-fedora-gcc 0.2-14 39.05 OK
r-devel-windows-x86_64 0.2-14 4.00 50.00 54.00 OK
r-patched-linux-x86_64 0.2-14 2.49 26.68 29.17 OK
r-release-linux-x86_64 0.2-14 2.60 26.42 29.02 OK
r-release-macos-arm64 0.2-14 2.00 20.00 22.00 OK
r-release-macos-x86_64 0.2-14 2.00 29.00 31.00 OK
r-release-windows-x86_64 0.2-14 4.00 49.00 53.00 OK
r-oldrel-macos-arm64 0.2-14 1.00 18.00 19.00 OK
r-oldrel-macos-x86_64 0.2-14 2.00 23.00 25.00 OK
r-oldrel-windows-x86_64 0.2-14 4.00 54.00 58.00 OK

Check Details

Version: 0.2-14
Check: CRAN incoming feasibility
Result: NOTE Maintainer: ‘Gero Szepannek <gero.szepannek@web.de>’ No Authors@R field in DESCRIPTION. Please add one, modifying Authors@R: person(given = "Gero", family = "Szepannek", role = c("aut", "cre"), email = "gero.szepannek@web.de") as necessary. Flavors: r-devel-linux-x86_64-debian-clang, r-devel-linux-x86_64-debian-gcc