Last updated on 2025-10-30 09:49:51 CET.
| Flavor | Version | Tinstall | Tcheck | Ttotal | Status | Flags | 
|---|---|---|---|---|---|---|
| r-devel-linux-x86_64-debian-clang | 0.8-3 | 4.03 | 35.66 | 39.69 | NOTE | |
| r-devel-linux-x86_64-debian-gcc | 0.8-3 | 2.84 | 27.54 | 30.38 | NOTE | |
| r-devel-linux-x86_64-fedora-clang | 0.8-3 | 24.00 | 39.46 | 63.46 | OK | |
| r-devel-linux-x86_64-fedora-gcc | 0.8-3 | 55.10 | OK | |||
| r-devel-windows-x86_64 | 0.8-3 | 6.00 | 48.00 | 54.00 | OK | |
| r-patched-linux-x86_64 | 0.8-3 | 3.85 | 34.42 | 38.27 | OK | |
| r-release-linux-x86_64 | 0.8-3 | 4.16 | 33.97 | 38.13 | OK | |
| r-release-macos-arm64 | 0.8-3 | 2.00 | 21.00 | 23.00 | OK | |
| r-release-macos-x86_64 | 0.8-3 | 3.00 | 39.00 | 42.00 | OK | |
| r-release-windows-x86_64 | 0.8-3 | 7.00 | 52.00 | 59.00 | OK | |
| r-oldrel-macos-arm64 | 0.8-3 | 2.00 | 21.00 | 23.00 | OK | |
| r-oldrel-macos-x86_64 | 0.8-3 | 3.00 | 28.00 | 31.00 | OK | |
| r-oldrel-windows-x86_64 | 0.8-3 | 7.00 | 61.00 | 68.00 | OK | 
Version: 0.8-3
Check: CRAN incoming feasibility
Result: NOTE
  Maintainer: ‘Volkmar Liebscher <volkmar.liebscher@uni-greifswald.de>’
  
  No Authors@R field in DESCRIPTION.
  Please add one, modifying
    Authors@R: person(given = "Volkmar",
                      family = "Liebscher",
                      role = c("aut", "cre"),
                      email = "volkmar.liebscher@uni-greifswald.de")
  as necessary.
  
  The Description field contains
    <arXiv:1504.05795> for phylogenetic trees, but may apply to a diversity
  Please refer to arXiv e-prints via their arXiv DOI <doi:10.48550/arXiv.YYMM.NNNNN>.
Flavors: r-devel-linux-x86_64-debian-clang, r-devel-linux-x86_64-debian-gcc