Last updated on 2025-10-21 09:48:34 CEST.
Flavor | Version | Tinstall | Tcheck | Ttotal | Status | Flags |
---|---|---|---|---|---|---|
r-devel-linux-x86_64-debian-clang | 0.1.2 | 4.89 | 30.97 | 35.86 | OK | |
r-devel-linux-x86_64-debian-gcc | 0.1.2 | 3.16 | 24.81 | 27.97 | NOTE | |
r-devel-linux-x86_64-fedora-clang | 0.1.2 | 54.75 | OK | |||
r-devel-linux-x86_64-fedora-gcc | 0.1.2 | 51.82 | OK | |||
r-devel-windows-x86_64 | 0.1.2 | 5.00 | 49.00 | 54.00 | OK | |
r-patched-linux-x86_64 | 0.1.2 | 4.83 | 29.95 | 34.78 | OK | |
r-release-linux-x86_64 | 0.1.2 | 3.40 | 29.73 | 33.13 | OK | |
r-release-macos-arm64 | 0.1.2 | 21.00 | OK | |||
r-release-macos-x86_64 | 0.1.2 | 40.00 | OK | |||
r-release-windows-x86_64 | 0.1.2 | 6.00 | 50.00 | 56.00 | OK | |
r-oldrel-macos-arm64 | 0.1.2 | 29.00 | OK | |||
r-oldrel-macos-x86_64 | 0.1.2 | 41.00 | OK | |||
r-oldrel-windows-x86_64 | 0.1.2 | 7.00 | 58.00 | 65.00 | OK |
Version: 0.1.2
Check: HTML version of manual
Result: NOTE
Found the following HTML validation problems:
Fragment.html:103:1 (Fragment.Rd:82): Warning: <h5> anchor "Usage" already defined
Fragment.html:109:1 (Fragment.Rd:86): Warning: <h5> anchor "Arguments" already defined
GraphqlClient.html:139:1 (GraphqlClient.Rd:189): Warning: <h5> anchor "Usage" already defined
GraphqlClient.html:145:1 (GraphqlClient.Rd:193): Warning: <h5> anchor "Arguments" already defined
GraphqlClient.html:170:1 (GraphqlClient.Rd:208): Warning: <h5> anchor "Usage" already defined
GraphqlClient.html:176:1 (GraphqlClient.Rd:212): Warning: <h5> anchor "Arguments" already defined
GraphqlClient.html:189:1 (GraphqlClient.Rd:219): Warning: <h5> anchor "Returns" already defined
GraphqlClient.html:206:1 (GraphqlClient.Rd:228): Warning: <h5> anchor "Usage" already defined
GraphqlClient.html:212:1 (GraphqlClient.Rd:232): Warning: <h5> anchor "Arguments" already defined
GraphqlClient.html:229:1 (GraphqlClient.Rd:243): Warning: <h5> anchor "Returns" already defined
GraphqlClient.html:246:1 (GraphqlClient.Rd:252): Warning: <h5> anchor "Usage" already defined
GraphqlClient.html:252:1 (GraphqlClient.Rd:256): Warning: <h5> anchor "Arguments" already defined
GraphqlClient.html:265:1 (GraphqlClient.Rd:263): Warning: <h5> anchor "Returns" already defined
GraphqlClient.html:282:1 (GraphqlClient.Rd:272): Warning: <h5> anchor "Usage" already defined
GraphqlClient.html:288:1 (GraphqlClient.Rd:276): Warning: <h5> anchor "Arguments" already defined
GraphqlClient.html:301:1 (GraphqlClient.Rd:283): Warning: <h5> anchor "Returns" already defined
GraphqlClient.html:318:1 (GraphqlClient.Rd:292): Warning: <h5> anchor "Usage" already defined
GraphqlClient.html:324:1 (GraphqlClient.Rd:296): Warning: <h5> anchor "Arguments" already defined
GraphqlClient.html:339:1 (GraphqlClient.Rd:305): Warning: <h5> anchor "Returns" already defined
GraphqlClient.html:356:1 (GraphqlClient.Rd:314): Warning: <h5> anchor "Usage" already defined
GraphqlClient.html:368:1 (GraphqlClient.Rd:324): Warning: <h5> anchor "Arguments" already defined
GraphqlClient.html:391:1 (GraphqlClient.Rd:341): Warning: <h5> anchor "Returns" already defined
GraphqlClient.html:408:1 (GraphqlClient.Rd:350): Warning: <h5> anchor "Usage" already defined
GraphqlClient.html:414:1 (GraphqlClient.Rd:354): Warning: <h5> anchor "Arguments" already defined
Query.html:109:1 (Query.Rd:168): Warning: <h5> anchor "Usage" already defined
Query.html:115:1 (Query.Rd:172): Warning: <h5> anchor "Arguments" already defined
Query.html:147:1 (Query.Rd:190): Warning: <h5> anchor "Usage" already defined
Query.html:153:1 (Query.Rd:194): Warning: <h5> anchor "Arguments" already defined
Query.html:168:1 (Query.Rd:203): Warning: <h5> anchor "Returns" already defined
Query.html:185:1 (Query.Rd:212): Warning: <h5> anchor "Usage" already defined
Query.html:191:1 (Query.Rd:216): Warning: <h5> anchor "Arguments" already defined
Query.html:207:1 (Query.Rd:226): Warning: <h5> anchor "Returns" already defined
Flavor: r-devel-linux-x86_64-debian-gcc