Last updated on 2025-10-22 09:50:34 CEST.
Flavor | Version | Tinstall | Tcheck | Ttotal | Status | Flags |
---|---|---|---|---|---|---|
r-devel-linux-x86_64-debian-clang | 0.1.8 | 14.39 | 208.59 | 222.98 | NOTE | |
r-devel-linux-x86_64-debian-gcc | 0.1.8 | 9.47 | 149.54 | 159.01 | NOTE | |
r-devel-linux-x86_64-fedora-clang | 0.1.8 | 36.00 | 285.81 | 321.81 | OK | |
r-devel-linux-x86_64-fedora-gcc | 0.1.8 | 29.00 | 289.77 | 318.77 | OK | |
r-devel-windows-x86_64 | 0.1.8 | 13.00 | 254.00 | 267.00 | OK | |
r-patched-linux-x86_64 | 0.1.8 | 15.17 | 199.29 | 214.46 | OK | |
r-release-linux-x86_64 | 0.1.8 | 13.67 | 199.45 | 213.12 | OK | |
r-release-macos-arm64 | 0.1.8 | 5.00 | 72.00 | 77.00 | OK | |
r-release-macos-x86_64 | 0.1.8 | 11.00 | 142.00 | 153.00 | OK | |
r-release-windows-x86_64 | 0.1.8 | 17.00 | 254.00 | 271.00 | OK | |
r-oldrel-macos-arm64 | 0.1.8 | 5.00 | 65.00 | 70.00 | OK | |
r-oldrel-macos-x86_64 | 0.1.8 | 8.00 | 110.00 | 118.00 | OK | |
r-oldrel-windows-x86_64 | 0.1.8 | 20.00 | 285.00 | 305.00 | OK |
Version: 0.1.8
Check: DESCRIPTION meta-information
Result: NOTE
Author field differs from that derived from Authors@R
Author: ‘J. Aravind [aut, cre] (<https://orcid.org/0000-0002-4791-442X>), S. Vimala Devi [aut], J. Radhamani [aut], Sherry Rachel Jacob [aut], Kalyani Srinivasan [aut], ICAR-NBGPR [cph] (www.nbpgr.ernet.in)’
Authors@R: ‘J. Aravind [aut, cre] (ORCID: <https://orcid.org/0000-0002-4791-442X>), S. Vimala Devi [aut], J. Radhamani [aut], Sherry Rachel Jacob [aut], Kalyani Srinivasan [aut], ICAR-NBGPR [cph] (url: www.nbpgr.ernet.in)’
Flavors: r-devel-linux-x86_64-debian-clang, r-devel-linux-x86_64-debian-gcc