Last updated on 2025-10-30 09:49:50 CET.
| Flavor | Version | Tinstall | Tcheck | Ttotal | Status | Flags | 
|---|---|---|---|---|---|---|
| r-devel-linux-x86_64-debian-clang | 0.0.6 | 12.61 | 130.27 | 142.88 | NOTE | |
| r-devel-linux-x86_64-debian-gcc | 0.0.6 | 8.59 | 85.73 | 94.32 | NOTE | |
| r-devel-linux-x86_64-fedora-clang | 0.0.6 | 47.00 | 174.79 | 221.79 | OK | |
| r-devel-linux-x86_64-fedora-gcc | 0.0.6 | 66.00 | 158.86 | 224.86 | OK | |
| r-devel-windows-x86_64 | 0.0.6 | 14.00 | 206.00 | 220.00 | OK | |
| r-patched-linux-x86_64 | 0.0.6 | 12.20 | 125.67 | 137.87 | OK | |
| r-release-linux-x86_64 | 0.0.6 | 12.12 | 126.24 | 138.36 | OK | |
| r-release-macos-arm64 | 0.0.6 | 7.00 | 75.00 | 82.00 | OK | |
| r-release-macos-x86_64 | 0.0.6 | 13.00 | 114.00 | 127.00 | OK | |
| r-release-windows-x86_64 | 0.0.6 | 15.00 | 177.00 | 192.00 | OK | |
| r-oldrel-macos-arm64 | 0.0.6 | 6.00 | 60.00 | 66.00 | OK | |
| r-oldrel-macos-x86_64 | 0.0.6 | 10.00 | 92.00 | 102.00 | OK | |
| r-oldrel-windows-x86_64 | 0.0.6 | 20.00 | 187.00 | 207.00 | OK | 
Version: 0.0.6
Check: CRAN incoming feasibility
Result: NOTE
  Maintainer: ‘Yaoyong Li<liyaoyong85@gmail.com>’
  
  No Authors@R field in DESCRIPTION.
  Please add one, modifying
    Authors@R: person(given = "Yaoyong",
                      family = "Li",
                      role = c("aut", "cre"),
                      email = "liyaoyong85@gmail.com")
  as necessary.
Flavors: r-devel-linux-x86_64-debian-clang, r-devel-linux-x86_64-debian-gcc