Last updated on 2025-10-31 09:50:18 CET.
| Flavor | Version | Tinstall | Tcheck | Ttotal | Status | Flags | 
|---|---|---|---|---|---|---|
| r-devel-linux-x86_64-debian-clang | 1.2.0 | 1.61 | 18.48 | 20.09 | NOTE | |
| r-devel-linux-x86_64-debian-gcc | 1.2.0 | 1.30 | 16.07 | 17.37 | NOTE | |
| r-devel-linux-x86_64-fedora-clang | 1.2.0 | 31.49 | OK | |||
| r-devel-linux-x86_64-fedora-gcc | 1.2.0 | 28.13 | OK | |||
| r-devel-windows-x86_64 | 1.2.0 | 3.00 | 34.00 | 37.00 | OK | |
| r-patched-linux-x86_64 | 1.2.0 | 1.74 | 17.89 | 19.63 | OK | |
| r-release-linux-x86_64 | 1.2.0 | 1.48 | 18.01 | 19.49 | OK | |
| r-release-macos-arm64 | 1.2.0 | 1.00 | 14.00 | 15.00 | OK | |
| r-release-macos-x86_64 | 1.2.0 | 1.00 | 21.00 | 22.00 | OK | |
| r-release-windows-x86_64 | 1.2.0 | 3.00 | 39.00 | 42.00 | OK | |
| r-oldrel-macos-arm64 | 1.2.0 | 1.00 | 12.00 | 13.00 | OK | |
| r-oldrel-macos-x86_64 | 1.2.0 | 1.00 | 19.00 | 20.00 | OK | |
| r-oldrel-windows-x86_64 | 1.2.0 | 2.00 | 34.00 | 36.00 | OK | 
Version: 1.2.0
Check: CRAN incoming feasibility
Result: NOTE
  Maintainer: ‘Francis Huang <flh3@hotmail.com>’
  
  No Authors@R field in DESCRIPTION.
  Please add one, modifying
    Authors@R: person(given = "Francis",
                      family = "Huang",
                      role = c("aut", "cre"),
                      email = "flh3@hotmail.com")
  as necessary.
Flavors: r-devel-linux-x86_64-debian-clang, r-devel-linux-x86_64-debian-gcc