CRAN Package Check Results for Package genalg

Last updated on 2025-11-20 11:51:12 CET.

Flavor Version Tinstall Tcheck Ttotal Status Flags
r-devel-linux-x86_64-debian-clang 0.2.1 2.09 26.42 28.51 NOTE
r-devel-linux-x86_64-debian-gcc 0.2.1 1.54 20.09 21.63 NOTE
r-devel-linux-x86_64-fedora-clang 0.2.1 44.58 OK
r-devel-linux-x86_64-fedora-gcc 0.2.1 41.13 OK
r-devel-windows-x86_64 0.2.1 4.00 41.00 45.00 OK
r-patched-linux-x86_64 0.2.1 2.06 24.90 26.96 OK
r-release-linux-x86_64 0.2.1 1.78 25.05 26.83 OK
r-release-macos-arm64 0.2.1 OK
r-release-macos-x86_64 0.2.1 2.00 24.00 26.00 OK
r-release-windows-x86_64 0.2.1 3.00 39.00 42.00 OK
r-oldrel-macos-arm64 0.2.1 OK
r-oldrel-macos-x86_64 0.2.1 2.00 21.00 23.00 OK
r-oldrel-windows-x86_64 0.2.1 2.00 42.00 44.00 OK

Check Details

Version: 0.2.1
Check: CRAN incoming feasibility
Result: NOTE Maintainer: ‘Michel Ballings <Michel.Ballings@gmail.com>’ No Authors@R field in DESCRIPTION. Please add one, modifying Authors@R: c(person(given = "Egon", family = "Willighagen", role = "aut"), person(given = "Michel", family = "Ballings", role = c("aut", "cre"), email = "michel.ballings@gmail.com")) as necessary. Flavors: r-devel-linux-x86_64-debian-clang, r-devel-linux-x86_64-debian-gcc