Last updated on 2025-11-24 09:50:33 CET.
| Flavor | Version | Tinstall | Tcheck | Ttotal | Status | Flags |
|---|---|---|---|---|---|---|
| r-devel-linux-x86_64-debian-clang | 0.3.2 | 5.99 | 36.80 | 42.79 | NOTE | |
| r-devel-linux-x86_64-debian-gcc | 0.3.2 | 3.93 | 27.46 | 31.39 | NOTE | |
| r-devel-linux-x86_64-fedora-clang | 0.3.2 | 14.00 | 51.30 | 65.30 | NOTE | |
| r-devel-linux-x86_64-fedora-gcc | 0.3.2 | 12.00 | 47.75 | 59.75 | NOTE | |
| r-devel-windows-x86_64 | 0.3.2 | 7.00 | 50.00 | 57.00 | NOTE | |
| r-patched-linux-x86_64 | 0.3.2 | 5.75 | 33.64 | 39.39 | NOTE | |
| r-release-linux-x86_64 | 0.3.2 | 3.73 | 34.00 | 37.73 | NOTE | |
| r-release-macos-arm64 | 0.3.2 | NOTE | ||||
| r-release-macos-x86_64 | 0.3.2 | 6.00 | 43.00 | 49.00 | NOTE | |
| r-release-windows-x86_64 | 0.3.2 | 7.00 | 59.00 | 66.00 | NOTE | |
| r-oldrel-macos-arm64 | 0.3.2 | NOTE | ||||
| r-oldrel-macos-x86_64 | 0.3.2 | 4.00 | 27.00 | 31.00 | NOTE | |
| r-oldrel-windows-x86_64 | 0.3.2 | 6.00 | 57.00 | 63.00 | NOTE |
Version: 0.3.2
Check: CRAN incoming feasibility
Result: NOTE
Maintainer: ‘Hugo Gasca-Aragon <hugo_gasca_aragon@hotmail.com>’
No Authors@R field in DESCRIPTION.
Please add one, modifying
Authors@R: person(given = "Hugo",
family = "Gasca-Aragon",
role = c("aut", "cre"),
email = "hugo_gasca_aragon@hotmail.com")
as necessary.
Flavors: r-devel-linux-x86_64-debian-clang, r-devel-linux-x86_64-debian-gcc
Version: 0.3.2
Check: Rd files
Result: NOTE
checkRd: (-1) gconsensus.Rd:48-54: Lost braces
48 | {\code{display.signif.digits} an integer representing the number of significant digits to be obtained in the adaptative approach of the Monte Carlo simulation,
| ^
Flavors: r-devel-linux-x86_64-debian-clang, r-devel-linux-x86_64-debian-gcc, r-devel-linux-x86_64-fedora-clang, r-devel-linux-x86_64-fedora-gcc, r-devel-windows-x86_64, r-patched-linux-x86_64, r-release-linux-x86_64, r-release-macos-arm64, r-release-macos-x86_64, r-release-windows-x86_64, r-oldrel-macos-arm64, r-oldrel-macos-x86_64, r-oldrel-windows-x86_64