CRAN Package Check Results for Package flevr

Last updated on 2025-11-25 11:51:48 CET.

Flavor Version Tinstall Tcheck Ttotal Status Flags
r-devel-linux-x86_64-debian-clang 0.0.4 6.42 108.53 114.95 NOTE
r-devel-linux-x86_64-debian-gcc 0.0.4 4.60 78.01 82.61 NOTE
r-devel-linux-x86_64-fedora-clang 0.0.4 17.00 162.13 179.13 OK
r-devel-linux-x86_64-fedora-gcc 0.0.4 13.00 165.12 178.12 OK
r-devel-windows-x86_64 0.0.4 10.00 117.00 127.00 OK
r-patched-linux-x86_64 0.0.4 7.02 100.84 107.86 OK
r-release-linux-x86_64 0.0.4 5.74 98.12 103.86 OK
r-release-macos-arm64 0.0.4 OK
r-release-macos-x86_64 0.0.4 6.00 148.00 154.00 OK
r-release-windows-x86_64 0.0.4 9.00 113.00 122.00 OK
r-oldrel-macos-arm64 0.0.4 OK
r-oldrel-macos-x86_64 0.0.4 4.00 78.00 82.00 OK
r-oldrel-windows-x86_64 0.0.4 11.00 141.00 152.00 OK

Check Details

Version: 0.0.4
Check: CRAN incoming feasibility
Result: NOTE Maintainer: ‘Brian D. Williamson <brian.d.williamson@kp.org>’ The Description field contains Williamson and Huang (2023+) <arXiv:2202.12989>. Please refer to arXiv e-prints via their arXiv DOI <doi:10.48550/arXiv.YYMM.NNNNN>. Flavors: r-devel-linux-x86_64-debian-clang, r-devel-linux-x86_64-debian-gcc