Last updated on 2025-10-22 09:50:33 CEST.
Flavor | Version | Tinstall | Tcheck | Ttotal | Status | Flags |
---|---|---|---|---|---|---|
r-devel-linux-x86_64-debian-clang | 0.6.0 | 5.49 | 54.96 | 60.45 | NOTE | |
r-devel-linux-x86_64-debian-gcc | 0.6.0 | 3.34 | 40.40 | 43.74 | NOTE | |
r-devel-linux-x86_64-fedora-clang | 0.6.0 | 16.00 | 78.08 | 94.08 | OK | |
r-devel-linux-x86_64-fedora-gcc | 0.6.0 | 85.20 | OK | |||
r-devel-windows-x86_64 | 0.6.0 | 6.00 | 79.00 | 85.00 | OK | |
r-patched-linux-x86_64 | 0.6.0 | 5.09 | 52.21 | 57.30 | OK | |
r-release-linux-x86_64 | 0.6.0 | 5.11 | 52.12 | 57.23 | OK | |
r-release-macos-arm64 | 0.6.0 | 2.00 | 44.00 | 46.00 | OK | |
r-release-macos-x86_64 | 0.6.0 | 3.00 | 63.00 | 66.00 | OK | |
r-release-windows-x86_64 | 0.6.0 | 6.00 | 79.00 | 85.00 | OK | |
r-oldrel-macos-arm64 | 0.6.0 | 2.00 | 43.00 | 45.00 | OK | |
r-oldrel-macos-x86_64 | 0.6.0 | 4.00 | 57.00 | 61.00 | OK | |
r-oldrel-windows-x86_64 | 0.6.0 | 6.00 | 93.00 | 99.00 | OK |
Version: 0.6.0
Check: HTML version of manual
Result: NOTE
Found the following HTML validation problems:
data_CompCor_Params.html:99:1 (data_CompCor_Params.Rd:62): Warning: missing </ul> before </div>
despike_3D.interpolate.html:55:1 (despike_3D.interpolate.Rd:15): Warning: missing </ul> before </div>
noise_Params.html:60:1 (noise_Params.Rd:25): Warning: missing </ul> before </div>
plot_FC.html:110:1 (plot_FC.Rd:54): Warning: missing </ul> before </div>
Flavors: r-devel-linux-x86_64-debian-clang, r-devel-linux-x86_64-debian-gcc