Last updated on 2025-10-31 09:50:16 CET.
| Flavor | Version | Tinstall | Tcheck | Ttotal | Status | Flags | 
|---|---|---|---|---|---|---|
| r-devel-linux-x86_64-debian-clang | 0.3.2 | 2.43 | 55.54 | 57.97 | OK | |
| r-devel-linux-x86_64-debian-gcc | 0.3.2 | 1.95 | 42.11 | 44.06 | OK | |
| r-devel-linux-x86_64-fedora-clang | 0.3.2 | 96.48 | OK | |||
| r-devel-linux-x86_64-fedora-gcc | 0.3.2 | 93.79 | OK | |||
| r-devel-windows-x86_64 | 0.3.2 | 9.00 | 80.00 | 89.00 | OK | |
| r-patched-linux-x86_64 | 0.3.2 | 2.62 | 52.29 | 54.91 | OK | |
| r-release-linux-x86_64 | 0.3.2 | 2.57 | 52.59 | 55.16 | OK | |
| r-release-macos-arm64 | 0.3.2 | 8.00 | 39.00 | 47.00 | OK | |
| r-release-macos-x86_64 | 0.3.2 | 4.00 | 55.00 | 59.00 | OK | |
| r-release-windows-x86_64 | 0.3.2 | 11.00 | 81.00 | 92.00 | OK | |
| r-oldrel-macos-arm64 | 0.3.2 | 3.00 | 31.00 | 34.00 | NOTE | |
| r-oldrel-macos-x86_64 | 0.3.2 | 6.00 | 45.00 | 51.00 | NOTE | |
| r-oldrel-windows-x86_64 | 0.3.2 | 12.00 | 101.00 | 113.00 | NOTE | 
Version: 0.3.2
Check: installed package size
Result: NOTE
    installed size is 14.1Mb
    sub-directories of 1Mb or more:
      exiftool  14.0Mb
Flavors: r-oldrel-macos-arm64, r-oldrel-macos-x86_64, r-oldrel-windows-x86_64
Version: 0.3.2
Check: LazyData
Result: NOTE
    'LazyData' is specified without a 'data' directory
Flavors: r-oldrel-macos-arm64, r-oldrel-macos-x86_64, r-oldrel-windows-x86_64