Last updated on 2025-10-21 09:48:31 CEST.
Flavor | Version | Tinstall | Tcheck | Ttotal | Status | Flags |
---|---|---|---|---|---|---|
r-devel-linux-x86_64-debian-clang | 1.6.3 | 29.49 | 82.89 | 112.38 | OK | |
r-devel-linux-x86_64-debian-gcc | 1.6.3 | 22.16 | 55.64 | 77.80 | NOTE | |
r-devel-linux-x86_64-fedora-clang | 1.6.3 | 186.58 | OK | |||
r-devel-linux-x86_64-fedora-gcc | 1.6.3 | 170.55 | OK | |||
r-devel-windows-x86_64 | 1.6.3 | 36.00 | 112.00 | 148.00 | OK | |
r-patched-linux-x86_64 | 1.6.3 | 34.79 | 75.95 | 110.74 | OK | |
r-release-linux-x86_64 | 1.6.3 | 31.79 | 76.56 | 108.35 | OK | |
r-release-macos-arm64 | 1.6.3 | 47.00 | OK | |||
r-release-macos-x86_64 | 1.6.3 | 85.00 | OK | |||
r-release-windows-x86_64 | 1.6.3 | 37.00 | 113.00 | 150.00 | OK | |
r-oldrel-macos-arm64 | 1.6.3 | 46.00 | OK | |||
r-oldrel-macos-x86_64 | 1.6.3 | 85.00 | OK | |||
r-oldrel-windows-x86_64 | 1.6.3 | 46.00 | 150.00 | 196.00 | OK |
Version: 1.6.3
Check: HTML version of manual
Result: NOTE
Found the following HTML validation problems:
AlphaIfDel.html:62:1 (AlphaIfDel.Rd:18): Warning: missing </ul> before </div>
LD_param_est.html:63:1 (LD_param_est.Rd:18): Warning: missing </ul> before </div>
PSD_item_params.html:58:1 (PSD_item_params.Rd:16): Warning: missing </ul> before </div>
asymprior.html:54:1 (asymprior.Rd:14): Warning: missing </ul> before </div>
generate_start_values.html:46:1 (generate_start_values.Rd:10): Warning: missing </ul> before </div>
grm_cumprob.html:54:1 (grm_cumprob.Rd:14): Warning: missing </ul> before </div>
objective_function_IRT.html:62:1 (objective_function_IRT.Rd:18): Warning: missing </ul> before </div>
params_to_target.html:50:1 (params_to_target.Rd:12): Warning: missing </ul> before </div>
slopeprior.html:58:1 (slopeprior.Rd:16): Warning: missing </ul> before </div>
softmax.html:46:1 (softmax.Rd:10): Warning: missing </ul> before </div>
Flavor: r-devel-linux-x86_64-debian-gcc