Last updated on 2025-10-24 09:50:01 CEST.
| Flavor | Version | Tinstall | Tcheck | Ttotal | Status | Flags |
|---|---|---|---|---|---|---|
| r-devel-linux-x86_64-debian-clang | 3.4 | 6.11 | 72.40 | 78.51 | OK | |
| r-devel-linux-x86_64-debian-gcc | 3.4 | 4.69 | 47.84 | 52.53 | ERROR | |
| r-devel-linux-x86_64-fedora-clang | 3.4 | 16.00 | 104.27 | 120.27 | OK | |
| r-devel-linux-x86_64-fedora-gcc | 3.4 | 13.00 | 114.57 | 127.57 | OK | |
| r-devel-windows-x86_64 | 3.4 | 11.00 | 137.00 | 148.00 | OK | |
| r-patched-linux-x86_64 | 3.4 | 5.06 | 67.99 | 73.05 | OK | |
| r-release-linux-x86_64 | 3.4 | 5.14 | 68.05 | 73.19 | OK | |
| r-release-macos-arm64 | 3.4 | 12.00 | 94.00 | 106.00 | OK | |
| r-release-macos-x86_64 | 3.4 | 9.00 | 133.00 | 142.00 | OK | |
| r-release-windows-x86_64 | 3.4 | 11.00 | 157.00 | 168.00 | OK | |
| r-oldrel-macos-arm64 | 3.4 | 12.00 | 100.00 | 112.00 | OK | |
| r-oldrel-macos-x86_64 | 3.4 | 12.00 | 131.00 | 143.00 | OK | |
| r-oldrel-windows-x86_64 | 3.4 | 13.00 | 153.00 | 166.00 | OK |
Version: 3.4
Check: re-building of vignette outputs
Result: ERROR
Error(s) in re-building vignettes:
...
--- re-building ‘enrichR.Rmd’ using rmarkdown
Quitting from enrichR.Rmd:159-164 [unnamed-chunk-15]
~~~~~~~~~~~~~~~~~~~~~~~~~~~~~~~~~~~~~~~~~~~~~~~~~~~~~~~~~~~~~~~~~~~~~~~~~~~~~~~~
<error/rlang_error>
Error in `$<-.data.frame`:
! replacement has 0 rows, data has 2
---
Backtrace:
▆
1. └─enrichR::plotEnrich(...)
2. └─enrichR:::.enrichment_prep_df(df, showTerms, orderBy)
3. ├─base::`$<-`(`*tmp*`, "Significant", value = `<dbl>`)
4. └─base::`$<-.data.frame`(`*tmp*`, "Significant", value = `<dbl>`)
~~~~~~~~~~~~~~~~~~~~~~~~~~~~~~~~~~~~~~~~~~~~~~~~~~~~~~~~~~~~~~~~~~~~~~~~~~~~~~~~
Error: processing vignette 'enrichR.Rmd' failed with diagnostics:
replacement has 0 rows, data has 2
--- failed re-building ‘enrichR.Rmd’
SUMMARY: processing the following file failed:
‘enrichR.Rmd’
Error: Vignette re-building failed.
Execution halted
Flavor: r-devel-linux-x86_64-debian-gcc