CRAN Package Check Results for Package em

Last updated on 2025-11-20 11:51:09 CET.

Flavor Version Tinstall Tcheck Ttotal Status Flags
r-devel-linux-x86_64-debian-clang 1.0.0 58.29 275.04 333.33 WARN
r-devel-linux-x86_64-debian-gcc 1.0.0 35.62 245.26 280.88 WARN
r-devel-linux-x86_64-fedora-clang 1.0.0 442.00 90.33 532.33 NOTE
r-devel-linux-x86_64-fedora-gcc 1.0.0 322.00 477.29 799.29 NOTE
r-devel-windows-x86_64 1.0.0 79.00 270.00 349.00 NOTE
r-patched-linux-x86_64 1.0.0 55.07 358.70 413.77 NOTE
r-release-linux-x86_64 1.0.0 55.77 409.76 465.53 NOTE
r-release-macos-arm64 1.0.0 NOTE
r-release-macos-x86_64 1.0.0 25.00 187.00 212.00 NOTE
r-release-windows-x86_64 1.0.0 67.00 274.00 341.00 NOTE
r-oldrel-macos-arm64 1.0.0 NOTE
r-oldrel-macos-x86_64 1.0.0 22.00 147.00 169.00 NOTE
r-oldrel-windows-x86_64 1.0.0 83.00 273.00 356.00 NOTE

Check Details

Version: 1.0.0
Check: whether package can be installed
Result: WARN Found the following significant warnings: /home/hornik/tmp/R.check/r-devel-clang/Work/build/Packages/RcppArmadillo/include/RcppArmadillo/version/arma.h:66:17: warning: Using fallback compilation with Armadillo 14.6.3. Please consider defining -DARMA_USE_CURRENT and also removing C++11 compilation directive. See GitHub issue #475 for more. [-W#pragma-messages] See ‘/home/hornik/tmp/R.check/r-devel-clang/Work/PKGS/em.Rcheck/00install.out’ for details. * used C++ compiler: ‘Debian clang version 21.1.5 (1)’ Flavor: r-devel-linux-x86_64-debian-clang

Version: 1.0.0
Check: C++ specification
Result: NOTE Specified C++11: please drop specification unless essential Flavors: r-devel-linux-x86_64-debian-clang, r-devel-linux-x86_64-debian-gcc, r-devel-linux-x86_64-fedora-clang, r-devel-linux-x86_64-fedora-gcc, r-devel-windows-x86_64, r-patched-linux-x86_64, r-release-linux-x86_64, r-release-macos-arm64, r-release-macos-x86_64, r-release-windows-x86_64, r-oldrel-macos-arm64, r-oldrel-macos-x86_64, r-oldrel-windows-x86_64

Version: 1.0.0
Check: Rd files
Result: NOTE checkRd: (-1) em.Rd:25: Lost braces 25 | \code{terms} the code{terms} object used. | ^ checkRd: (-1) em.clogit.Rd:65: Lost braces 65 | \code{terms} the code{terms} object used. | ^ checkRd: (-1) em.default.Rd:65: Lost braces 65 | \code{terms} the code{terms} object used. | ^ checkRd: (-1) em.fitdist.Rd:49: Lost braces 49 | \code{terms} the code{terms} object used. | ^ checkRd: (-1) em.glmerMod.Rd:50: Lost braces 50 | \code{terms} the code{terms} object used. | ^ checkRd: (-1) em.panelmodel.Rd:49: Lost braces 49 | \code{terms} the code{terms} object used. | ^ Flavors: r-devel-linux-x86_64-debian-clang, r-devel-linux-x86_64-debian-gcc, r-devel-linux-x86_64-fedora-clang, r-devel-linux-x86_64-fedora-gcc, r-devel-windows-x86_64, r-patched-linux-x86_64, r-release-linux-x86_64, r-release-macos-arm64, r-release-macos-x86_64, r-release-windows-x86_64, r-oldrel-macos-arm64, r-oldrel-macos-x86_64, r-oldrel-windows-x86_64

Version: 1.0.0
Check: whether package can be installed
Result: WARN Found the following significant warnings: /home/hornik/tmp/R.check/r-devel-gcc/Work/build/Packages/RcppArmadillo/include/RcppArmadillo/version/arma.h:66:199: note: ‘#pragma message: Using fallback compilation with Armadillo 14.6.3. Please consider defining -DARMA_USE_CURRENT and also removing C++11 compilation directive. See GitHub issue #475 for more.’ See ‘/home/hornik/tmp/R.check/r-devel-gcc/Work/PKGS/em.Rcheck/00install.out’ for details. * used C++ compiler: ‘g++-15 (Debian 15.2.0-7) 15.2.0’ Flavor: r-devel-linux-x86_64-debian-gcc