Last updated on 2025-10-30 09:49:48 CET.
| Flavor | Version | Tinstall | Tcheck | Ttotal | Status | Flags | 
|---|---|---|---|---|---|---|
| r-devel-linux-x86_64-debian-clang | 0.1.1 | 2.62 | 25.71 | 28.33 | NOTE | |
| r-devel-linux-x86_64-debian-gcc | 0.1.1 | 1.81 | 19.70 | 21.51 | NOTE | |
| r-devel-linux-x86_64-fedora-clang | 0.1.1 | 42.53 | OK | |||
| r-devel-linux-x86_64-fedora-gcc | 0.1.1 | 40.30 | OK | |||
| r-devel-windows-x86_64 | 0.1.1 | 3.00 | 44.00 | 47.00 | OK | |
| r-patched-linux-x86_64 | 0.1.1 | 2.41 | 24.39 | 26.80 | OK | |
| r-release-linux-x86_64 | 0.1.1 | 2.34 | 24.65 | 26.99 | OK | |
| r-release-macos-arm64 | 0.1.1 | 1.00 | 17.00 | 18.00 | OK | |
| r-release-macos-x86_64 | 0.1.1 | 2.00 | 27.00 | 29.00 | OK | |
| r-release-windows-x86_64 | 0.1.1 | 5.00 | 46.00 | 51.00 | OK | |
| r-oldrel-macos-arm64 | 0.1.1 | 1.00 | 15.00 | 16.00 | OK | |
| r-oldrel-macos-x86_64 | 0.1.1 | 2.00 | 22.00 | 24.00 | OK | |
| r-oldrel-windows-x86_64 | 0.1.1 | 3.00 | 51.00 | 54.00 | OK | 
Version: 0.1.1
Check: CRAN incoming feasibility
Result: NOTE
  Maintainer: ‘Fengru Wang <wangfr@whu.edu.cn>’
  
  No Authors@R field in DESCRIPTION.
  Please add one, modifying
    Authors@R: c(person(given = "Fengru",
                        family = "Wang",
                        role = c("aut", "cre"),
                        email = "wangfr@whu.edu.cn"),
                 person(given = "Yongbo",
                        family = "Gan",
                        role = "aut"),
                 person(given = "Zhijian",
                        family = "Yang",
                        role = "aut"),
                 person(given = "Wei",
                        family = "Mei",
                        role = "aut"))
  as necessary.
Flavors: r-devel-linux-x86_64-debian-clang, r-devel-linux-x86_64-debian-gcc