Last updated on 2025-11-14 09:50:01 CET.
| Flavor | Version | Tinstall | Tcheck | Ttotal | Status | Flags |
|---|---|---|---|---|---|---|
| r-devel-linux-x86_64-debian-clang | 1.1 | 2.06 | 27.97 | 30.03 | OK | |
| r-devel-linux-x86_64-debian-gcc | 1.1 | 1.65 | 21.11 | 22.76 | OK | |
| r-devel-linux-x86_64-fedora-clang | 1.1 | 43.91 | NOTE | |||
| r-devel-linux-x86_64-fedora-gcc | 1.1 | 41.94 | NOTE | |||
| r-devel-windows-x86_64 | 1.1 | 5.00 | 45.00 | 50.00 | OK | |
| r-patched-linux-x86_64 | 1.1 | 1.94 | 26.21 | 28.15 | OK | |
| r-release-linux-x86_64 | 1.1 | 1.80 | 26.56 | 28.36 | OK | |
| r-release-macos-arm64 | 1.1 | 1.00 | 16.00 | 17.00 | OK | |
| r-release-macos-x86_64 | 1.1 | 2.00 | 26.00 | 28.00 | OK | |
| r-release-windows-x86_64 | 1.1 | 3.00 | 45.00 | 48.00 | OK | |
| r-oldrel-macos-arm64 | 1.1 | 1.00 | 15.00 | 16.00 | OK | |
| r-oldrel-macos-x86_64 | 1.1 | 3.00 | 23.00 | 26.00 | OK | |
| r-oldrel-windows-x86_64 | 1.1 | 3.00 | 54.00 | 57.00 | OK |
Version: 1.1
Check: dependencies in R code
Result: NOTE
Namespace in Imports field not imported from: ‘graphics’
All declared Imports should be used.
Flavors: r-devel-linux-x86_64-fedora-clang, r-devel-linux-x86_64-fedora-gcc