Last updated on 2025-10-24 09:50:00 CEST.
| Flavor | Version | Tinstall | Tcheck | Ttotal | Status | Flags |
|---|---|---|---|---|---|---|
| r-devel-linux-x86_64-debian-clang | 1.1.1.6 | 3.68 | 39.68 | 43.36 | NOTE | |
| r-devel-linux-x86_64-debian-gcc | 1.1.1.6 | 2.74 | 29.80 | 32.54 | OK | |
| r-devel-linux-x86_64-fedora-clang | 1.1.1.6 | 12.00 | 54.27 | 66.27 | OK | |
| r-devel-linux-x86_64-fedora-gcc | 1.1.1.6 | 62.25 | OK | |||
| r-devel-windows-x86_64 | 1.1.1.6 | 6.00 | 65.00 | 71.00 | OK | |
| r-patched-linux-x86_64 | 1.1.1.6 | 4.50 | 37.78 | 42.28 | OK | |
| r-release-linux-x86_64 | 1.1.1.6 | 3.72 | 37.86 | 41.58 | OK | |
| r-release-macos-arm64 | 1.1.1.6 | 2.00 | 25.00 | 27.00 | OK | |
| r-release-macos-x86_64 | 1.1.1.6 | 3.00 | 38.00 | 41.00 | OK | |
| r-release-windows-x86_64 | 1.1.1.6 | 6.00 | 69.00 | 75.00 | OK | |
| r-oldrel-macos-arm64 | 1.1.1.6 | 2.00 | 21.00 | 23.00 | OK | |
| r-oldrel-macos-x86_64 | 1.1.1.6 | 3.00 | 33.00 | 36.00 | OK | |
| r-oldrel-windows-x86_64 | 1.1.1.6 | 8.00 | 76.00 | 84.00 | OK |
Version: 1.1.1.6
Check: HTML version of manual
Result: NOTE
Found the following HTML validation problems:
dygraph-shiny.html:68:1 (dygraph-shiny.Rd:25): Warning: missing </ul> before </div>
Flavor: r-devel-linux-x86_64-debian-clang