Last updated on 2025-10-25 09:49:28 CEST.
| Flavor | Version | Tinstall | Tcheck | Ttotal | Status | Flags |
|---|---|---|---|---|---|---|
| r-devel-linux-x86_64-debian-clang | 0.9.0 | 3.53 | 36.46 | 39.99 | OK | |
| r-devel-linux-x86_64-debian-gcc | 0.9.0 | 2.73 | 26.47 | 29.20 | OK | |
| r-devel-linux-x86_64-fedora-clang | 0.9.0 | 58.43 | OK | |||
| r-devel-linux-x86_64-fedora-gcc | 0.9.0 | 56.09 | OK | |||
| r-devel-windows-x86_64 | 0.9.0 | 5.00 | 60.00 | 65.00 | OK | |
| r-patched-linux-x86_64 | 0.9.0 | 4.06 | 33.28 | 37.34 | OK | |
| r-release-linux-x86_64 | 0.9.0 | 2.80 | 33.62 | 36.42 | OK | |
| r-release-macos-arm64 | 0.9.0 | 2.00 | 21.00 | 23.00 | OK | |
| r-release-macos-x86_64 | 0.9.0 | 4.00 | 36.00 | 40.00 | OK | |
| r-release-windows-x86_64 | 0.9.0 | 6.00 | 61.00 | 67.00 | OK | |
| r-oldrel-macos-arm64 | 0.9.0 | 3.00 | 26.00 | 29.00 | OK | |
| r-oldrel-macos-x86_64 | 0.9.0 | 4.00 | 40.00 | 44.00 | NOTE | |
| r-oldrel-windows-x86_64 | 0.9.0 | 7.00 | 74.00 | 81.00 | OK |
Version: 0.9.0
Check: installed package size
Result: NOTE
installed size is 5.9Mb
sub-directories of 1Mb or more:
data 4.8Mb
Flavor: r-oldrel-macos-x86_64