Last updated on 2025-10-31 09:50:14 CET.
| Flavor | Version | Tinstall | Tcheck | Ttotal | Status | Flags | 
|---|---|---|---|---|---|---|
| r-devel-linux-x86_64-debian-clang | 1.1 | 30.54 | 235.72 | 266.26 | NOTE | |
| r-devel-linux-x86_64-debian-gcc | 1.1 | 18.57 | 147.64 | 166.21 | NOTE | |
| r-devel-linux-x86_64-fedora-clang | 1.1 | 77.00 | 332.98 | 409.98 | NOTE | |
| r-devel-linux-x86_64-fedora-gcc | 1.1 | 65.00 | 327.98 | 392.98 | NOTE | |
| r-devel-windows-x86_64 | 1.1 | 26.00 | 182.00 | 208.00 | NOTE | |
| r-patched-linux-x86_64 | 1.1 | 28.73 | 223.40 | 252.13 | NOTE | |
| r-release-linux-x86_64 | 1.1 | 25.09 | 226.50 | 251.59 | NOTE | |
| r-release-macos-arm64 | 1.1 | 11.00 | 77.00 | 88.00 | NOTE | |
| r-release-macos-x86_64 | 1.1 | 25.00 | 172.00 | 197.00 | NOTE | |
| r-release-windows-x86_64 | 1.1 | 25.00 | 185.00 | 210.00 | NOTE | |
| r-oldrel-macos-arm64 | 1.1 | 11.00 | 74.00 | 85.00 | NOTE | |
| r-oldrel-macos-x86_64 | 1.1 | 17.00 | 121.00 | 138.00 | NOTE | |
| r-oldrel-windows-x86_64 | 1.1 | 34.00 | 245.00 | 279.00 | NOTE | 
Version: 1.1
Check: CRAN incoming feasibility
Result: NOTE
  Maintainer: ‘Benjamin M. Taylor <benjamin.taylor.software@gmail.com>’
  
  No Authors@R field in DESCRIPTION.
  Please add one, modifying
    Authors@R: c(person(given = c("Benjamin", "M.", "Taylor", "Additional", "contributions", "Bikash", "Parida", "Jacob"),
                        family = "Davies",
                        role = "aut"),
                 person(given = c("Benjamin", "M."),
                        family = "Taylor",
                        role = "cre",
                        email = "benjamin.taylor.software@gmail.com"))
  as necessary.
Flavors: r-devel-linux-x86_64-debian-clang, r-devel-linux-x86_64-debian-gcc
Version: 1.1
Check: Rd files
Result: NOTE
  checkRd: (-1) cruts-package.Rd:21: Lost braces
      21 | section{Dependencies}{
         |        ^
  checkRd: (-1) cruts-package.Rd:21-24: Lost braces
      21 | section{Dependencies}{
         |                      ^
  checkRd: (-1) cruts-package.Rd:26: Lost braces
      26 | section{Citation}{
         |        ^
  checkRd: (-1) cruts-package.Rd:26-28: Lost braces
      26 | section{Citation}{
         |                  ^
  checkRd: (-1) cruts-package.Rd:30-32: Lost braces
      30 | references{
         |           ^
Flavors: r-devel-linux-x86_64-debian-clang, r-devel-linux-x86_64-debian-gcc, r-devel-linux-x86_64-fedora-clang, r-devel-linux-x86_64-fedora-gcc, r-devel-windows-x86_64, r-patched-linux-x86_64, r-release-linux-x86_64, r-release-macos-arm64, r-release-macos-x86_64, r-release-windows-x86_64, r-oldrel-macos-arm64, r-oldrel-macos-x86_64, r-oldrel-windows-x86_64