Last updated on 2025-11-02 10:50:39 CET.
| Flavor | Version | Tinstall | Tcheck | Ttotal | Status | Flags |
|---|---|---|---|---|---|---|
| r-devel-linux-x86_64-debian-clang | 1.2.0 | 16.96 | 131.93 | 148.89 | NOTE | |
| r-devel-linux-x86_64-debian-gcc | 1.2.0 | 12.28 | 95.36 | 107.64 | NOTE | |
| r-devel-linux-x86_64-fedora-clang | 1.2.0 | 82.00 | 167.76 | 249.76 | OK | |
| r-devel-linux-x86_64-fedora-gcc | 1.2.0 | 134.00 | 121.98 | 255.98 | OK | |
| r-devel-windows-x86_64 | 1.2.0 | 17.00 | 123.00 | 140.00 | OK | |
| r-patched-linux-x86_64 | 1.2.0 | 15.49 | 125.94 | 141.43 | OK | |
| r-release-linux-x86_64 | 1.2.0 | 14.79 | 125.89 | 140.68 | OK | |
| r-release-macos-arm64 | 1.2.0 | 9.00 | 73.00 | 82.00 | OK | |
| r-release-macos-x86_64 | 1.2.0 | 16.00 | 126.00 | 142.00 | OK | |
| r-release-windows-x86_64 | 1.2.0 | 16.00 | 120.00 | 136.00 | OK | |
| r-oldrel-macos-arm64 | 1.2.0 | 8.00 | 61.00 | 69.00 | OK | |
| r-oldrel-macos-x86_64 | 1.2.0 | 12.00 | 94.00 | 106.00 | OK | |
| r-oldrel-windows-x86_64 | 1.2.0 | 23.00 | 161.00 | 184.00 | OK |
Version: 1.2.0
Check: CRAN incoming feasibility
Result: NOTE
Maintainer: ‘Lei Yang <leiyangslu@gmail.com>’
No Authors@R field in DESCRIPTION.
Please add one, modifying
Authors@R: person(given = "Lei",
family = "Yang",
role = c("aut", "cre"),
email = "leiyangslu@gmail.com")
as necessary.
Flavors: r-devel-linux-x86_64-debian-clang, r-devel-linux-x86_64-debian-gcc