Last updated on 2025-11-21 09:48:59 CET.
| Flavor | Version | Tinstall | Tcheck | Ttotal | Status | Flags |
|---|---|---|---|---|---|---|
| r-devel-linux-x86_64-debian-clang | 1.0.0 | 1.48 | 28.39 | 29.87 | NOTE | |
| r-devel-linux-x86_64-debian-gcc | 1.0.0 | 1.50 | 22.20 | 23.70 | NOTE | |
| r-devel-linux-x86_64-fedora-clang | 1.0.0 | 42.55 | OK | |||
| r-devel-linux-x86_64-fedora-gcc | 1.0.0 | 41.23 | OK | |||
| r-devel-windows-x86_64 | 1.0.0 | 4.00 | 43.00 | 47.00 | OK | |
| r-patched-linux-x86_64 | 1.0.0 | 1.94 | 25.25 | 27.19 | OK | |
| r-release-linux-x86_64 | 1.0.0 | 1.91 | 25.40 | 27.31 | OK | |
| r-release-macos-arm64 | 1.0.0 | OK | ||||
| r-release-macos-x86_64 | 1.0.0 | 2.00 | 28.00 | 30.00 | OK | |
| r-release-windows-x86_64 | 1.0.0 | 3.00 | 44.00 | 47.00 | OK | |
| r-oldrel-macos-arm64 | 1.0.0 | NOTE | ||||
| r-oldrel-macos-x86_64 | 1.0.0 | 2.00 | 30.00 | 32.00 | NOTE | |
| r-oldrel-windows-x86_64 | 1.0.0 | 4.00 | 50.00 | 54.00 | NOTE |
Version: 1.0.0
Check: CRAN incoming feasibility
Result: NOTE
Maintainer: ‘Jonas Moss <jonas.gjertsen@gmail.com>’
Package CITATION file contains call(s) to old-style citEntry(). Please
use bibentry() instead.
Found the following URLs which should use \doi (with the DOI name only):
File ‘conogive.Rd’:
https://doi.org/10.1007/978-1-4757-2691-6_15
Flavors: r-devel-linux-x86_64-debian-clang, r-devel-linux-x86_64-debian-gcc
Version: 1.0.0
Check: LazyData
Result: NOTE
'LazyData' is specified without a 'data' directory
Flavors: r-oldrel-macos-arm64, r-oldrel-macos-x86_64, r-oldrel-windows-x86_64