Last updated on 2025-11-25 11:51:44 CET.
| Flavor | Version | Tinstall | Tcheck | Ttotal | Status | Flags |
|---|---|---|---|---|---|---|
| r-devel-linux-x86_64-debian-clang | 0.2.1 | 2.11 | 27.01 | 29.12 | NOTE | |
| r-devel-linux-x86_64-debian-gcc | 0.2.1 | 1.55 | 21.76 | 23.31 | NOTE | |
| r-devel-linux-x86_64-fedora-clang | 0.2.1 | 38.37 | OK | |||
| r-devel-linux-x86_64-fedora-gcc | 0.2.1 | 38.91 | OK | |||
| r-devel-windows-x86_64 | 0.2.1 | 6.00 | 45.00 | 51.00 | OK | |
| r-patched-linux-x86_64 | 0.2.1 | 2.15 | 23.75 | 25.90 | OK | |
| r-release-linux-x86_64 | 0.2.1 | 2.03 | 23.73 | 25.76 | OK | |
| r-release-macos-arm64 | 0.2.1 | OK | ||||
| r-release-macos-x86_64 | 0.2.1 | 2.00 | 24.00 | 26.00 | OK | |
| r-release-windows-x86_64 | 0.2.1 | 5.00 | 53.00 | 58.00 | OK | |
| r-oldrel-macos-arm64 | 0.2.1 | OK | ||||
| r-oldrel-macos-x86_64 | 0.2.1 | 2.00 | 21.00 | 23.00 | OK | |
| r-oldrel-windows-x86_64 | 0.2.1 | 5.00 | 51.00 | 56.00 | OK |
Version: 0.2.1
Check: CRAN incoming feasibility
Result: NOTE
Maintainer: ‘Adrienne Traxler <adrienne.traxler@wright.edu>’
Package CITATION file contains call(s) to old-style personList() or
as.personList(). Please use c() on person objects instead.
Package CITATION file contains call(s) to old-style citEntry(). Please
use bibentry() instead.
Flavors: r-devel-linux-x86_64-debian-clang, r-devel-linux-x86_64-debian-gcc