Last updated on 2025-11-22 09:49:49 CET.
| Flavor | Version | Tinstall | Tcheck | Ttotal | Status | Flags |
|---|---|---|---|---|---|---|
| r-devel-linux-x86_64-debian-clang | 2.1.5 | 210.20 | 398.29 | 608.49 | OK | |
| r-devel-linux-x86_64-debian-gcc | 2.1.5 | 160.89 | 264.96 | 425.85 | OK | |
| r-devel-linux-x86_64-fedora-clang | 2.1.5 | 1260.00 | -229.16 | 1030.84 | OK | |
| r-devel-windows-x86_64 | 2.1.4 | 214.00 | 442.00 | 656.00 | OK | |
| r-patched-linux-x86_64 | 2.1.4 | 194.23 | 372.76 | 566.99 | OK | |
| r-release-linux-x86_64 | 2.1.4 | 194.98 | 378.32 | 573.30 | OK | |
| r-release-macos-arm64 | 2.1.5 | 1.00 | 12.00 | 13.00 | ERROR | |
| r-release-macos-x86_64 | 2.1.5 | 73.00 | 531.00 | 604.00 | OK | |
| r-release-windows-x86_64 | 2.1.4 | 185.00 | 443.00 | 628.00 | OK | |
| r-oldrel-macos-arm64 | 2.1.5 | 0.00 | 10.00 | 10.00 | ERROR | |
| r-oldrel-macos-x86_64 | 2.1.5 | 82.00 | 560.00 | 642.00 | NOTE | |
| r-oldrel-windows-x86_64 | 2.1.4 | 208.00 | 543.00 | 751.00 | NOTE |
Version: 2.1.5
Check: whether package can be installed
Result: ERROR
Installation failed.
Flavors: r-release-macos-arm64, r-oldrel-macos-arm64
Version: 2.1.5
Check: installed package size
Result: NOTE
installed size is 17.9Mb
sub-directories of 1Mb or more:
R 2.0Mb
libs 13.9Mb
Flavor: r-oldrel-macos-x86_64
Version: 2.1.4
Check: installed package size
Result: NOTE
installed size is 5.9Mb
sub-directories of 1Mb or more:
R 1.1Mb
libs 2.8Mb
Flavor: r-oldrel-windows-x86_64