CRAN Package Check Results for Package coefficientalpha

Last updated on 2025-11-26 09:51:11 CET.

Flavor Version Tinstall Tcheck Ttotal Status Flags
r-devel-linux-x86_64-debian-clang 0.7.2 3.17 38.01 41.18 NOTE
r-devel-linux-x86_64-debian-gcc 0.7.2 2.14 28.73 30.87 NOTE
r-devel-linux-x86_64-fedora-clang 0.7.2 62.38 OK
r-devel-linux-x86_64-fedora-gcc 0.7.2 59.12 OK
r-devel-windows-x86_64 0.7.2 7.00 52.00 59.00 OK
r-patched-linux-x86_64 0.7.2 3.23 36.75 39.98 OK
r-release-linux-x86_64 0.7.2 3.29 36.55 39.84 OK
r-release-macos-arm64 0.7.2 OK
r-release-macos-x86_64 0.7.2 4.00 47.00 51.00 OK
r-release-windows-x86_64 0.7.2 7.00 71.00 78.00 OK
r-oldrel-macos-arm64 0.7.2 OK
r-oldrel-macos-x86_64 0.7.2 2.00 32.00 34.00 OK
r-oldrel-windows-x86_64 0.7.2 5.00 62.00 67.00 OK

Check Details

Version: 0.7.2
Check: CRAN incoming feasibility
Result: NOTE Maintainer: ‘Zhiyong Zhang <johnnyzhz@gmail.com>’ No Authors@R field in DESCRIPTION. Please add one, modifying Authors@R: c(person(given = "Zhiyong", family = "Zhang", role = c("aut", "cre"), email = "johnnyzhz@gmail.com"), person(given = "Ke-Hai", family = "Yuan", role = "aut")) as necessary. Flavors: r-devel-linux-x86_64-debian-clang, r-devel-linux-x86_64-debian-gcc