Last updated on 2025-10-31 09:50:13 CET.
| Flavor | Version | Tinstall | Tcheck | Ttotal | Status | Flags | 
|---|---|---|---|---|---|---|
| r-devel-linux-x86_64-debian-clang | 0.9 | 1.67 | 19.46 | 21.13 | NOTE | |
| r-devel-linux-x86_64-debian-gcc | 0.9 | 1.51 | 16.31 | 17.82 | NOTE | |
| r-devel-linux-x86_64-fedora-clang | 0.9 | 30.87 | OK | |||
| r-devel-linux-x86_64-fedora-gcc | 0.9 | 29.89 | OK | |||
| r-devel-windows-x86_64 | 0.9 | 2.00 | 34.00 | 36.00 | OK | |
| r-patched-linux-x86_64 | 0.9 | 1.71 | 18.60 | 20.31 | OK | |
| r-release-linux-x86_64 | 0.9 | 1.63 | 18.51 | 20.14 | OK | |
| r-release-macos-arm64 | 0.9 | 1.00 | 15.00 | 16.00 | OK | |
| r-release-macos-x86_64 | 0.9 | 2.00 | 19.00 | 21.00 | OK | |
| r-release-windows-x86_64 | 0.9 | 2.00 | 38.00 | 40.00 | OK | |
| r-oldrel-macos-arm64 | 0.9 | 1.00 | 16.00 | 17.00 | OK | |
| r-oldrel-macos-x86_64 | 0.9 | 2.00 | 20.00 | 22.00 | OK | |
| r-oldrel-windows-x86_64 | 0.9 | 3.00 | 35.00 | 38.00 | OK | 
Version: 0.9
Check: CRAN incoming feasibility
Result: NOTE
  Maintainer: ‘Rob Tibshirani <tibs@stanford.edu>’
  
  No Authors@R field in DESCRIPTION.
  Please add one, modifying
    Authors@R: c(person(given = "Amy",
                        family = "Kapp",
                        role = "aut",
                        email = "Amy_Kapp@hotmail.com"),
                 person(given = "Rob",
                        family = "Tibshirani",
                        role = c("aut", "cre"),
                        email = "tibs@stanford.edu"))
  as necessary.
Flavors: r-devel-linux-x86_64-debian-clang, r-devel-linux-x86_64-debian-gcc