CRAN Package Check Results for Package cluster.datasets

Last updated on 2025-10-09 12:51:12 CEST.

Flavor Version Tinstall Tcheck Ttotal Status Flags
r-devel-linux-x86_64-debian-clang 1.0-1 1.77 39.72 41.49 NOTE
r-devel-linux-x86_64-debian-gcc 1.0-1 1.42 31.59 33.01 NOTE
r-devel-linux-x86_64-fedora-clang 1.0-1 44.26 OK
r-devel-linux-x86_64-fedora-gcc 1.0-1 58.02 OK
r-devel-windows-x86_64 1.0-1 3.00 69.00 72.00 OK
r-patched-linux-x86_64 1.0-1 2.83 37.32 40.15 OK
r-release-linux-x86_64 1.0-1 1.64 37.12 38.76 OK
r-release-macos-arm64 1.0-1 22.00 OK
r-release-macos-x86_64 1.0-1 35.00 OK
r-release-windows-x86_64 1.0-1 3.00 74.00 77.00 OK
r-oldrel-macos-arm64 1.0-1 25.00 OK
r-oldrel-macos-x86_64 1.0-1 33.00 OK
r-oldrel-windows-x86_64 1.0-1 3.00 67.00 70.00 OK

Check Details

Version: 1.0-1
Check: CRAN incoming feasibility
Result: NOTE Maintainer: ‘Frederick Novomestky <fnovomes@poly.edu>’ No Authors@R field in DESCRIPTION. Please add one, modifying Authors@R: person(given = "Frederick", family = "Novomestky", role = c("aut", "cre"), email = "fnovomes@poly.edu") as necessary. Flavors: r-devel-linux-x86_64-debian-clang, r-devel-linux-x86_64-debian-gcc