Last updated on 2025-11-11 10:49:56 CET.
| Flavor | Version | Tinstall | Tcheck | Ttotal | Status | Flags |
|---|---|---|---|---|---|---|
| r-devel-linux-x86_64-debian-clang | 0.7.5 | 14.29 | 118.21 | 132.50 | OK | |
| r-devel-linux-x86_64-debian-gcc | 0.7.5 | 9.93 | 84.03 | 93.96 | OK | |
| r-devel-linux-x86_64-fedora-clang | 0.7.5 | 62.00 | 156.83 | 218.83 | OK | |
| r-devel-linux-x86_64-fedora-gcc | 0.7.5 | 28.00 | 163.30 | 191.30 | OK | |
| r-devel-windows-x86_64 | 0.7.5 | 15.00 | 178.00 | 193.00 | OK | |
| r-patched-linux-x86_64 | 0.7.5 | 14.20 | 108.31 | 122.51 | OK | |
| r-release-linux-x86_64 | 0.7.5 | 12.46 | 109.71 | 122.17 | OK | |
| r-release-macos-arm64 | 0.7.5 | 5.00 | 45.00 | 50.00 | OK | |
| r-release-macos-x86_64 | 0.7.5 | 22.00 | 97.00 | 119.00 | OK | |
| r-release-windows-x86_64 | 0.7.5 | 17.00 | 163.00 | 180.00 | OK | |
| r-oldrel-macos-arm64 | 0.7.5 | 8.00 | 58.00 | 66.00 | NOTE | |
| r-oldrel-macos-x86_64 | 0.7.5 | 11.00 | 87.00 | 98.00 | NOTE | |
| r-oldrel-windows-x86_64 | 0.7.5 | 21.00 | 168.00 | 189.00 | NOTE |
Version: 0.7.5
Check: package dependencies
Result: NOTE
Packages suggested but not available for checking:
'entab', 'chromConverterExtraTests'
Flavors: r-oldrel-macos-arm64, r-oldrel-macos-x86_64, r-oldrel-windows-x86_64