Last updated on 2025-10-25 09:49:25 CEST.
| Flavor | Version | Tinstall | Tcheck | Ttotal | Status | Flags |
|---|---|---|---|---|---|---|
| r-devel-linux-x86_64-debian-clang | 0.1.3 | 1.52 | 24.90 | 26.42 | NOTE | |
| r-devel-linux-x86_64-debian-gcc | 0.1.3 | 1.76 | 20.25 | 22.01 | NOTE | |
| r-devel-linux-x86_64-fedora-clang | 0.1.3 | 30.36 | OK | |||
| r-devel-linux-x86_64-fedora-gcc | 0.1.3 | 37.57 | OK | |||
| r-devel-windows-x86_64 | 0.1.3 | 4.00 | 44.00 | 48.00 | OK | |
| r-patched-linux-x86_64 | 0.1.3 | 2.29 | 23.14 | 25.43 | OK | |
| r-release-linux-x86_64 | 0.1.3 | 1.72 | 23.49 | 25.21 | OK | |
| r-release-macos-arm64 | 0.1.3 | 2.00 | 17.00 | 19.00 | OK | |
| r-release-macos-x86_64 | 0.1.3 | 2.00 | 24.00 | 26.00 | OK | |
| r-release-windows-x86_64 | 0.1.3 | 3.00 | 45.00 | 48.00 | OK | |
| r-oldrel-macos-arm64 | 0.1.3 | 1.00 | 16.00 | 17.00 | OK | |
| r-oldrel-macos-x86_64 | 0.1.3 | 2.00 | 23.00 | 25.00 | OK | |
| r-oldrel-windows-x86_64 | 0.1.3 | 4.00 | 51.00 | 55.00 | OK |
Version: 0.1.3
Check: CRAN incoming feasibility
Result: NOTE
Maintainer: ‘David Molnar <dmolnar100@icloud.com>’
No Authors@R field in DESCRIPTION.
Please add one, modifying
Authors@R: person(given = "David",
family = "Molnar",
role = c("aut", "cre"),
email = "dmolnar100@icloud.com")
as necessary.
Flavors: r-devel-linux-x86_64-debian-clang, r-devel-linux-x86_64-debian-gcc