Last updated on 2025-10-24 09:49:58 CEST.
| Flavor | Version | Tinstall | Tcheck | Ttotal | Status | Flags |
|---|---|---|---|---|---|---|
| r-devel-linux-x86_64-debian-clang | 1.2.1 | 3.04 | 38.13 | 41.17 | NOTE | |
| r-devel-linux-x86_64-debian-gcc | 1.2.1 | 2.31 | 29.19 | 31.50 | OK | |
| r-devel-linux-x86_64-fedora-clang | 1.2.1 | 53.37 | OK | |||
| r-devel-linux-x86_64-fedora-gcc | 1.2.1 | 16.00 | 61.52 | 77.52 | OK | |
| r-devel-windows-x86_64 | 1.2.1 | 5.00 | 60.00 | 65.00 | OK | |
| r-patched-linux-x86_64 | 1.2.1 | 3.45 | 36.44 | 39.89 | OK | |
| r-release-linux-x86_64 | 1.2.1 | 2.72 | 36.53 | 39.25 | OK | |
| r-release-macos-arm64 | 1.2.1 | 1.00 | 66.00 | 67.00 | OK | |
| r-release-macos-x86_64 | 1.2.1 | 3.00 | 106.00 | 109.00 | OK | |
| r-release-windows-x86_64 | 1.2.1 | 4.00 | 63.00 | 67.00 | OK | |
| r-oldrel-macos-arm64 | 1.2.1 | 2.00 | 75.00 | 77.00 | OK | |
| r-oldrel-macos-x86_64 | 1.2.1 | 3.00 | 111.00 | 114.00 | OK | |
| r-oldrel-windows-x86_64 | 1.2.1 | 5.00 | 72.00 | 77.00 | OK |
Version: 1.2.1
Check: HTML version of manual
Result: NOTE
Found the following HTML validation problems:
cbs_default_selection.html:50:1 (cbs_default_selection.Rd:12): Warning: missing </ul> before </div>
Flavor: r-devel-linux-x86_64-debian-clang