Last updated on 2025-10-24 09:49:58 CEST.
| Flavor | Version | Tinstall | Tcheck | Ttotal | Status | Flags |
|---|---|---|---|---|---|---|
| r-devel-linux-x86_64-debian-clang | 1.1.0 | 1.71 | 25.70 | 27.41 | OK | |
| r-devel-linux-x86_64-debian-gcc | 1.1.0 | 1.23 | 21.51 | 22.74 | OK | |
| r-devel-linux-x86_64-fedora-clang | 1.1.0 | 40.70 | OK | |||
| r-devel-linux-x86_64-fedora-gcc | 1.1.0 | 52.34 | OK | |||
| r-devel-windows-x86_64 | 1.1.0 | 3.00 | 45.00 | 48.00 | OK | |
| r-patched-linux-x86_64 | 1.1.0 | 1.54 | 23.47 | 25.01 | OK | |
| r-release-linux-x86_64 | 1.1.0 | 1.60 | 23.21 | 24.81 | OK | |
| r-release-macos-arm64 | 1.1.0 | 1.00 | 28.00 | 29.00 | OK | |
| r-release-macos-x86_64 | 1.1.0 | 2.00 | 48.00 | 50.00 | OK | |
| r-release-windows-x86_64 | 1.1.0 | 3.00 | 45.00 | 48.00 | OK | |
| r-oldrel-macos-arm64 | 1.1.0 | 1.00 | 23.00 | 24.00 | NOTE | |
| r-oldrel-macos-x86_64 | 1.1.0 | 2.00 | 49.00 | 51.00 | NOTE | |
| r-oldrel-windows-x86_64 | 1.1.0 | 4.00 | 52.00 | 56.00 | NOTE |
Version: 1.1.0
Check: LazyData
Result: NOTE
'LazyData' is specified without a 'data' directory
Flavors: r-oldrel-macos-arm64, r-oldrel-macos-x86_64, r-oldrel-windows-x86_64