Last updated on 2025-10-30 09:49:45 CET.
| Flavor | Version | Tinstall | Tcheck | Ttotal | Status | Flags | 
|---|---|---|---|---|---|---|
| r-devel-linux-x86_64-debian-clang | 1.2.0 | 4.34 | 55.31 | 59.65 | NOTE | |
| r-devel-linux-x86_64-debian-gcc | 1.2.0 | 3.16 | 43.58 | 46.74 | NOTE | |
| r-devel-linux-x86_64-fedora-clang | 1.2.0 | 11.00 | 83.33 | 94.33 | NOTE | |
| r-devel-linux-x86_64-fedora-gcc | 1.2.0 | 10.00 | 97.00 | 107.00 | NOTE | |
| r-devel-windows-x86_64 | 1.2.0 | 8.00 | 79.00 | 87.00 | NOTE | |
| r-patched-linux-x86_64 | 1.2.0 | 4.60 | 52.61 | 57.21 | NOTE | |
| r-release-linux-x86_64 | 1.2.0 | 4.30 | 52.64 | 56.94 | NOTE | |
| r-release-macos-arm64 | 1.2.0 | 3.00 | 41.00 | 44.00 | NOTE | |
| r-release-macos-x86_64 | 1.2.0 | 7.00 | 75.00 | 82.00 | NOTE | |
| r-release-windows-x86_64 | 1.2.0 | 10.00 | 80.00 | 90.00 | NOTE | |
| r-oldrel-macos-arm64 | 1.2.0 | 3.00 | 47.00 | 50.00 | OK | |
| r-oldrel-macos-x86_64 | 1.2.0 | 6.00 | 95.00 | 101.00 | OK | |
| r-oldrel-windows-x86_64 | 1.2.0 | 7.00 | 95.00 | 102.00 | OK | 
Version: 1.2.0
Check: compiled code
Result: NOTE
  File ‘box/libs/box.so’:
    Found non-API calls to R: ‘ENVFLAGS’, ‘SET_ENVFLAGS’
  
  Compiled code should not call non-API entry points in R.
  
  See ‘Writing portable packages’ in the ‘Writing R Extensions’ manual,
  and section ‘Moving into C API compliance’ for issues with the use of
  non-API entry points.
Flavors: r-devel-linux-x86_64-debian-clang, r-devel-linux-x86_64-debian-gcc, r-devel-linux-x86_64-fedora-clang, r-devel-linux-x86_64-fedora-gcc, r-patched-linux-x86_64, r-release-linux-x86_64, r-release-macos-arm64, r-release-macos-x86_64
Version: 1.2.0
Check: compiled code
Result: NOTE
  File 'box/libs/x64/box.dll':
    Found non-API calls to R: 'ENVFLAGS', 'SET_ENVFLAGS'
  
  Compiled code should not call non-API entry points in R.
  
  See 'Writing portable packages' in the 'Writing R Extensions' manual,
  and section 'Moving into C API compliance' for issues with the use of
  non-API entry points.
Flavors: r-devel-windows-x86_64, r-release-windows-x86_64