Last updated on 2025-11-15 11:50:38 CET.
| Flavor | Version | Tinstall | Tcheck | Ttotal | Status | Flags |
|---|---|---|---|---|---|---|
| r-devel-linux-x86_64-debian-clang | 0.0.1.5 | 2162.89 | 210.61 | 2373.50 | OK | |
| r-devel-linux-x86_64-debian-gcc | 0.0.1.5 | 1672.37 | 300.20 | 1972.57 | OK | |
| r-devel-linux-x86_64-fedora-clang | 0.0.1.5 | 8400.00 | -4585.54 | 3814.46 | OK | |
| r-devel-linux-x86_64-fedora-gcc | 0.0.1.5 | 5880.00 | -848.22 | 5031.78 | OK | |
| r-devel-windows-x86_64 | 0.0.1.5 | 2301.00 | 412.00 | 2713.00 | OK | |
| r-patched-linux-x86_64 | 0.0.1.5 | 2433.88 | 422.69 | 2856.57 | OK | |
| r-release-linux-x86_64 | 0.0.1.5 | 2412.08 | 418.07 | 2830.15 | OK | |
| r-release-macos-arm64 | 0.0.1.5 | 1320.00 | 59.00 | 1379.00 | OK | |
| r-release-macos-x86_64 | 0.0.1.5 | 660.00 | 202.00 | 862.00 | OK | |
| r-release-windows-x86_64 | 0.0.1.5 | 2224.00 | 413.00 | 2637.00 | OK | |
| r-oldrel-macos-arm64 | 0.0.1.5 | 720.00 | 59.00 | 779.00 | NOTE | |
| r-oldrel-macos-x86_64 | 0.0.1.5 | 508.00 | 79.00 | 587.00 | NOTE | |
| r-oldrel-windows-x86_64 | 0.0.1.5 | 2582.00 | 505.00 | 3087.00 | NOTE |
Version: 0.0.1.5
Check: installed package size
Result: NOTE
installed size is 244.0Mb
sub-directories of 1Mb or more:
libs 243.2Mb
Flavors: r-oldrel-macos-arm64, r-oldrel-macos-x86_64, r-oldrel-windows-x86_64
Version: 0.0.1.5
Check: for GNU extensions in Makefiles
Result: NOTE
GNU make is a SystemRequirements.
Flavors: r-oldrel-macos-arm64, r-oldrel-macos-x86_64, r-oldrel-windows-x86_64