Last updated on 2025-11-23 12:49:43 CET.
| Flavor | Version | Tinstall | Tcheck | Ttotal | Status | Flags |
|---|---|---|---|---|---|---|
| r-devel-linux-x86_64-debian-clang | 0.3.0 | 69.03 | 26.60 | 95.63 | NOTE | |
| r-devel-linux-x86_64-debian-gcc | 0.3.0 | 56.39 | 27.24 | 83.63 | NOTE | |
| r-devel-linux-x86_64-fedora-clang | 0.3.0 | 112.00 | 39.69 | 151.69 | OK | |
| r-devel-windows-x86_64 | 0.3.0 | 71.00 | 66.00 | 137.00 | OK | |
| r-patched-linux-x86_64 | 0.3.0 | 76.18 | 33.54 | 109.72 | OK | |
| r-release-linux-x86_64 | 0.3.0 | 75.61 | 33.59 | 109.20 | OK | |
| r-release-macos-arm64 | 0.3.0 | OK | ||||
| r-release-macos-x86_64 | 0.3.0 | 35.00 | 27.00 | 62.00 | OK | |
| r-release-windows-x86_64 | 0.3.0 | 70.00 | 79.00 | 149.00 | OK | |
| r-oldrel-macos-arm64 | 0.3.0 | NOTE | ||||
| r-oldrel-macos-x86_64 | 0.3.0 | 33.00 | 24.00 | 57.00 | NOTE | |
| r-oldrel-windows-x86_64 | 0.3.0 | 82.00 | 78.00 | 160.00 | OK |
Version: 0.3.0
Check: CRAN incoming feasibility
Result: NOTE
Maintainer: ‘Qingyan Xiang <qyxiang@bu.edu>’
No Authors@R field in DESCRIPTION.
Please add one, modifying
Authors@R: c(person(given = "Qingyan",
family = "Xiang",
role = c("aut", "cre"),
email = "qyxiang@bu.edu"),
person(given = "Naveen",
family = "Narisetty",
role = "aut",
email = "naveen@illinois.edu"))
as necessary.
Flavors: r-devel-linux-x86_64-debian-clang, r-devel-linux-x86_64-debian-gcc
Version: 0.3.0
Check: installed package size
Result: NOTE
installed size is 19.7Mb
sub-directories of 1Mb or more:
libs 19.6Mb
Flavors: r-oldrel-macos-arm64, r-oldrel-macos-x86_64