Last updated on 2025-10-21 09:48:25 CEST.
Flavor | Version | Tinstall | Tcheck | Ttotal | Status | Flags |
---|---|---|---|---|---|---|
r-devel-linux-x86_64-debian-clang | 0.1.8 | 3.91 | 32.83 | 36.74 | NOTE | |
r-devel-linux-x86_64-debian-gcc | 0.1.8 | 2.70 | 26.16 | 28.86 | NOTE | |
r-devel-linux-x86_64-fedora-clang | 0.1.8 | 52.91 | OK | |||
r-devel-linux-x86_64-fedora-gcc | 0.1.8 | 50.87 | OK | |||
r-devel-windows-x86_64 | 0.1.8 | 8.00 | 66.00 | 74.00 | OK | |
r-patched-linux-x86_64 | 0.1.8 | 4.33 | 30.02 | 34.35 | OK | |
r-release-linux-x86_64 | 0.1.8 | 3.87 | 30.05 | 33.92 | OK | |
r-release-macos-arm64 | 0.1.8 | 40.00 | OK | |||
r-release-macos-x86_64 | 0.1.8 | 44.00 | OK | |||
r-release-windows-x86_64 | 0.1.8 | 8.00 | 69.00 | 77.00 | OK | |
r-oldrel-macos-arm64 | 0.1.8 | 21.00 | OK | |||
r-oldrel-macos-x86_64 | 0.1.8 | 32.00 | OK | |||
r-oldrel-windows-x86_64 | 0.1.8 | 9.00 | 75.00 | 84.00 | OK |
Version: 0.1.8
Check: CRAN incoming feasibility
Result: NOTE
Maintainer: ‘Simon Urbanek <simon.urbanek@R-project.org>’
Package CITATION file contains call(s) to old-style personList() or
as.personList(). Please use c() on person objects instead.
Package CITATION file contains call(s) to old-style citEntry(). Please
use bibentry() instead.
Flavors: r-devel-linux-x86_64-debian-clang, r-devel-linux-x86_64-debian-gcc
Version: 0.1.8
Check: HTML version of manual
Result: NOTE
Found the following HTML validation problems:
iamHTTP.html:111:1 (iamHTTP.Rd:56): Warning: missing </ul> before </div>
Flavor: r-devel-linux-x86_64-debian-gcc